CRAN Package Check Results for Package contTimeCausal

Last updated on 2024-06-13 09:54:59 CEST.

Flavor Version Tinstall Tcheck Ttotal Status Flags
r-devel-linux-x86_64-debian-clang 1.1 9.43 145.93 155.36 OK
r-devel-linux-x86_64-debian-gcc 1.1 0.37 1.85 2.22 ERROR
r-devel-linux-x86_64-fedora-clang 1.1 200.25 OK
r-devel-linux-x86_64-fedora-gcc 1.1 209.30 OK
r-devel-windows-x86_64 1.1 10.00 140.00 150.00 OK
r-patched-linux-x86_64 1.1 8.22 139.78 148.00 OK
r-release-linux-x86_64 1.1 10.73 139.98 150.71 OK
r-release-macos-arm64 1.1 63.00 OK
r-release-macos-x86_64 1.1 123.00 OK
r-release-windows-x86_64 1.1 9.00 142.00 151.00 OK
r-oldrel-macos-arm64 1.1 70.00 OK
r-oldrel-macos-x86_64 1.1 130.00 OK
r-oldrel-windows-x86_64 1.1 13.00 169.00 182.00 OK

Check Details

Version: 1.1
Check: package dependencies
Result: ERROR Package required but not available: ‘dplyr’ See section ‘The DESCRIPTION file’ in the ‘Writing R Extensions’ manual. Flavor: r-devel-linux-x86_64-debian-gcc