Last updated on 2025-04-30 00:49:40 CEST.
Flavor | Version | Tinstall | Tcheck | Ttotal | Status | Flags |
---|---|---|---|---|---|---|
r-devel-linux-x86_64-debian-clang | 0.2.1 | 6.89 | 441.45 | 448.34 | NOTE | |
r-devel-linux-x86_64-debian-gcc | 0.2.1 | 4.82 | 285.26 | 290.08 | NOTE | |
r-devel-linux-x86_64-fedora-clang | 0.2.1 | 715.55 | OK | |||
r-devel-linux-x86_64-fedora-gcc | 0.2.1 | 698.59 | OK | |||
r-devel-windows-x86_64 | 0.2.1 | 8.00 | 421.00 | 429.00 | NOTE | |
r-patched-linux-x86_64 | 0.2.1 | 7.96 | 393.46 | 401.42 | NOTE | |
r-release-linux-x86_64 | 0.2.1 | 4.98 | 392.04 | 397.02 | NOTE | |
r-release-macos-arm64 | 0.2.1 | 197.00 | OK | |||
r-release-macos-x86_64 | 0.2.1 | 381.00 | OK | |||
r-release-windows-x86_64 | 0.2.1 | 8.00 | 418.00 | 426.00 | NOTE | |
r-oldrel-macos-arm64 | 0.2.1 | 221.00 | OK | |||
r-oldrel-macos-x86_64 | 0.2.1 | 272.00 | OK | |||
r-oldrel-windows-x86_64 | 0.2.1 | 10.00 | 570.00 | 580.00 | OK |
Version: 0.2.1
Check: Rd cross-references
Result: NOTE
Found the following Rd file(s) with Rd \link{} targets missing package
anchors:
curve_cont.Rd: riskRegression
plot_surv_3Dsurface.Rd: riskRegression
plot_surv_animated.Rd: riskRegression, facet_wrap
plot_surv_area.Rd: riskRegression, facet_wrap
plot_surv_at_t.Rd: riskRegression, facet_wrap
plot_surv_contour.Rd: riskRegression, ggplot2, facet_wrap
plot_surv_heatmap.Rd: riskRegression, facet_wrap
plot_surv_lines.Rd: riskRegression, facet_wrap
plot_surv_matrix.Rd: riskRegression, facet_wrap
plot_surv_quantiles.Rd: riskRegression, facet_wrap
plot_surv_rmst.Rd: riskRegression, facet_wrap
plot_surv_rmtl.Rd: riskRegression, facet_wrap
Please provide package anchors for all Rd \link{} targets not in the
package itself and the base packages.
Flavors: r-devel-linux-x86_64-debian-clang, r-devel-linux-x86_64-debian-gcc, r-devel-windows-x86_64, r-patched-linux-x86_64, r-release-linux-x86_64, r-release-windows-x86_64
Version: 0.2.1
Check: examples
Result: NOTE
Examples with CPU (user + system) or elapsed time > 5s
user system elapsed
plot_surv_area 5.650 0.073 6.460
plot_surv_matrix 4.905 0.078 6.006
Flavor: r-devel-linux-x86_64-debian-clang