Last updated on 2025-05-01 03:49:47 CEST.
Flavor | Version | Tinstall | Tcheck | Ttotal | Status | Flags |
---|---|---|---|---|---|---|
r-devel-linux-x86_64-debian-clang | 0.2.0 | 15.50 | 181.77 | 197.27 | NOTE | |
r-devel-linux-x86_64-debian-gcc | 0.2.0 | 11.07 | 127.86 | 138.93 | OK | |
r-devel-linux-x86_64-fedora-clang | 0.2.0 | 296.63 | NOTE | |||
r-devel-linux-x86_64-fedora-gcc | 0.2.0 | 304.28 | NOTE | |||
r-devel-windows-x86_64 | 0.2.0 | 16.00 | 183.00 | 199.00 | OK | |
r-patched-linux-x86_64 | 0.2.0 | 14.02 | 171.91 | 185.93 | OK | |
r-release-linux-x86_64 | 0.2.0 | 13.52 | 169.10 | 182.62 | OK | |
r-release-macos-arm64 | 0.2.0 | 80.00 | OK | |||
r-release-macos-x86_64 | 0.2.0 | 208.00 | OK | |||
r-release-windows-x86_64 | 0.2.0 | 16.00 | 188.00 | 204.00 | OK | |
r-oldrel-macos-arm64 | 0.2.0 | 88.00 | OK | |||
r-oldrel-macos-x86_64 | 0.2.0 | 172.00 | OK | |||
r-oldrel-windows-x86_64 | 0.2.0 | 21.00 | 247.00 | 268.00 | OK |
Version: 0.2.0
Check: examples
Result: NOTE
Examples with CPU (user + system) or elapsed time > 5s
user system elapsed
binarize 5.323 0.134 6.359
plot_correlation_funnel 5.379 0.059 6.720
correlate 4.410 0.106 5.279
Flavor: r-devel-linux-x86_64-debian-clang
Version: 0.2.0
Check: dependencies in R code
Result: NOTE
Namespace in Imports field not imported from: ‘utils’
All declared Imports should be used.
Flavors: r-devel-linux-x86_64-fedora-clang, r-devel-linux-x86_64-fedora-gcc