Last updated on 2024-03-29 11:53:50 CET.
Flavor | Version | Tinstall | Tcheck | Ttotal | Status | Flags |
---|---|---|---|---|---|---|
r-devel-linux-x86_64-debian-clang | 0.1.4 | 4.59 | 131.65 | 136.24 | NOTE | |
r-devel-linux-x86_64-debian-gcc | 0.1.4 | 3.44 | 92.81 | 96.25 | NOTE | |
r-devel-linux-x86_64-fedora-clang | 0.1.4 | 177.82 | NOTE | |||
r-devel-linux-x86_64-fedora-gcc | 0.1.4 | 170.65 | NOTE | |||
r-devel-windows-x86_64 | 0.1.4 | 5.00 | 110.00 | 115.00 | OK | |
r-patched-linux-x86_64 | 0.1.4 | 6.49 | 123.62 | 130.11 | NOTE | |
r-release-linux-x86_64 | 0.1.4 | 2.78 | 124.94 | 127.72 | NOTE | |
r-release-macos-arm64 | 0.1.4 | 52.00 | OK | |||
r-release-macos-x86_64 | 0.1.4 | 82.00 | OK | |||
r-release-windows-x86_64 | 0.1.4 | 6.00 | 128.00 | 134.00 | OK | |
r-oldrel-macos-arm64 | 0.1.4 | 40.00 | OK | |||
r-oldrel-windows-x86_64 | 0.1.4 | 7.00 | 135.00 | 142.00 | OK |
Version: 0.1.4
Check: package dependencies
Result: NOTE
Package suggested but not available for checking: ‘BEST’
Flavors: r-devel-linux-x86_64-debian-clang, r-devel-linux-x86_64-debian-gcc, r-devel-linux-x86_64-fedora-clang, r-devel-linux-x86_64-fedora-gcc, r-patched-linux-x86_64, r-release-linux-x86_64