Last updated on 2025-05-01 03:49:47 CEST.
Flavor | Version | Tinstall | Tcheck | Ttotal | Status | Flags |
---|---|---|---|---|---|---|
r-devel-linux-x86_64-debian-clang | 0.5.1 | 3.26 | 29.38 | 32.64 | NOTE | |
r-devel-linux-x86_64-debian-gcc | 0.5.1 | 2.86 | 22.77 | 25.63 | NOTE | |
r-devel-linux-x86_64-fedora-clang | 0.5.1 | 50.39 | OK | |||
r-devel-linux-x86_64-fedora-gcc | 0.5.1 | 48.89 | OK | |||
r-devel-windows-x86_64 | 0.5.1 | 6.00 | 50.00 | 56.00 | OK | |
r-patched-linux-x86_64 | 0.5.1 | 3.56 | 28.32 | 31.88 | OK | |
r-release-linux-x86_64 | 0.5.1 | 3.09 | 28.04 | 31.13 | OK | |
r-release-macos-arm64 | 0.5.1 | 21.00 | OK | |||
r-release-macos-x86_64 | 0.5.1 | 32.00 | OK | |||
r-release-windows-x86_64 | 0.5.1 | 7.00 | 56.00 | 63.00 | OK | |
r-oldrel-macos-arm64 | 0.5.1 | 20.00 | NOTE | |||
r-oldrel-macos-x86_64 | 0.5.1 | 28.00 | NOTE | |||
r-oldrel-windows-x86_64 | 0.5.1 | 6.00 | 53.00 | 59.00 | NOTE |
Version: 0.5.1
Check: CRAN incoming feasibility
Result: NOTE
Maintainer: ‘Xiaowei Zhan <zhanxw@gmail.com>’
No Authors@R field in DESCRIPTION.
Please add one, modifying
Authors@R: person(given = "Xiaowei",
family = "Zhan",
role = c("aut", "cre"),
email = "zhanxw@gmail.com")
as necessary.
Flavors: r-devel-linux-x86_64-debian-clang, r-devel-linux-x86_64-debian-gcc
Version: 0.5.1
Check: LazyData
Result: NOTE
'LazyData' is specified without a 'data' directory
Flavors: r-oldrel-macos-arm64, r-oldrel-macos-x86_64, r-oldrel-windows-x86_64