Last updated on 2024-08-31 22:49:36 CEST.
Flavor | Version | Tinstall | Tcheck | Ttotal | Status | Flags |
---|---|---|---|---|---|---|
r-devel-linux-x86_64-debian-clang | 0.2.1 | 5.77 | 59.84 | 65.61 | NOTE | |
r-devel-linux-x86_64-debian-gcc | 0.2.1 | 4.28 | 44.54 | 48.82 | NOTE | |
r-devel-linux-x86_64-fedora-clang | 0.2.1 | 107.72 | OK | |||
r-devel-linux-x86_64-fedora-gcc | 0.2.1 | 118.18 | OK | |||
r-devel-windows-x86_64 | 0.2.1 | 8.00 | 77.00 | 85.00 | NOTE | |
r-patched-linux-x86_64 | 0.2.1 | 10.31 | 57.86 | 68.17 | OK | |
r-release-linux-x86_64 | 0.2.1 | 5.42 | 57.30 | 62.72 | OK | |
r-release-macos-arm64 | 0.2.1 | 38.00 | OK | |||
r-release-macos-x86_64 | 0.2.1 | 59.00 | OK | |||
r-release-windows-x86_64 | 0.2.1 | 9.00 | 79.00 | 88.00 | OK | |
r-oldrel-macos-arm64 | 0.2.1 | 50.00 | OK | |||
r-oldrel-macos-x86_64 | 0.2.1 | 88.00 | OK | |||
r-oldrel-windows-x86_64 | 0.2.1 | 9.00 | 85.00 | 94.00 | OK |
Version: 0.2.1
Check: Rd cross-references
Result: NOTE
Found the following Rd file(s) with Rd \link{} targets missing package
anchors:
get_multi_silodata.Rd: tibble
Please provide package anchors for all Rd \link{} targets not in the
package itself and the base packages.
Flavors: r-devel-linux-x86_64-debian-clang, r-devel-linux-x86_64-debian-gcc, r-devel-windows-x86_64