Last updated on 2024-08-31 22:49:36 CEST.
Flavor | Version | Tinstall | Tcheck | Ttotal | Status | Flags |
---|---|---|---|---|---|---|
r-devel-linux-x86_64-debian-clang | 1.2.2 | 5.97 | 79.93 | 85.90 | OK | |
r-devel-linux-x86_64-debian-gcc | 1.2.2 | 4.45 | 56.03 | 60.48 | OK | |
r-devel-linux-x86_64-fedora-clang | 1.2.2 | 143.11 | NOTE | |||
r-devel-linux-x86_64-fedora-gcc | 1.2.2 | 147.56 | NOTE | |||
r-devel-windows-x86_64 | 1.2.2 | 8.00 | 91.00 | 99.00 | NOTE | |
r-patched-linux-x86_64 | 1.2.2 | 4.54 | 72.60 | 77.14 | OK | |
r-release-linux-x86_64 | 1.2.2 | 5.79 | 72.94 | 78.73 | OK | |
r-release-macos-arm64 | 1.2.2 | 46.00 | OK | |||
r-release-macos-x86_64 | 1.2.2 | 70.00 | OK | |||
r-release-windows-x86_64 | 1.2.2 | 10.00 | 93.00 | 103.00 | OK | |
r-oldrel-macos-arm64 | 1.2.2 | 51.00 | OK | |||
r-oldrel-macos-x86_64 | 1.2.2 | 87.00 | OK | |||
r-oldrel-windows-x86_64 | 1.2.2 | 9.00 | 107.00 | 116.00 | OK |
Version: 1.2.2
Check: data for non-ASCII characters
Result: NOTE
Note: found 2 marked UTF-8 strings
Flavors: r-devel-linux-x86_64-fedora-clang, r-devel-linux-x86_64-fedora-gcc
Version: 1.2.2
Check: tests
Result: NOTE
Running ‘setup.R’
Running ‘spelling.R’
Comparing ‘spelling.Rout’ to ‘spelling.Rout.save’ ...6c6
< NULL
---
> All Done!
Running ‘testthat.R’ [29s/81s]
Flavor: r-devel-linux-x86_64-fedora-clang
Version: 1.2.2
Check: tests
Result: NOTE
Running ‘setup.R’
Running ‘spelling.R’
Comparing ‘spelling.Rout’ to ‘spelling.Rout.save’ ...6c6
< NULL
---
> All Done!
Running ‘testthat.R’ [27s/47s]
Flavor: r-devel-linux-x86_64-fedora-gcc
Version: 1.2.2
Check: tests
Result: NOTE
Running 'setup.R' [0s]
Running 'spelling.R' [0s]
Comparing 'spelling.Rout' to 'spelling.Rout.save' ...6c6
< NULL
---
> All Done!
Running 'testthat.R' [15s]
Flavor: r-devel-windows-x86_64