Last updated on 2023-11-28 07:52:59 CET.
Flavor | Version | Tinstall | Tcheck | Ttotal | Status | Flags |
---|---|---|---|---|---|---|
r-devel-linux-x86_64-debian-clang | 0.2.2 | 9.58 | 148.24 | 157.82 | NOTE | |
r-devel-linux-x86_64-debian-gcc | 0.2.2 | 6.31 | 109.77 | 116.08 | NOTE | |
r-devel-linux-x86_64-fedora-clang | 0.2.2 | 197.82 | NOTE | |||
r-devel-linux-x86_64-fedora-gcc | 0.2.2 | 194.97 | NOTE | |||
r-devel-windows-x86_64 | 0.2.2 | 9.00 | 120.00 | 129.00 | NOTE | |
r-patched-linux-x86_64 | 0.2.2 | 8.65 | 142.10 | 150.75 | NOTE | |
r-release-linux-x86_64 | 0.2.2 | 5.57 | 140.47 | 146.04 | NOTE | |
r-release-macos-arm64 | 0.2.2 | 65.00 | NOTE | |||
r-release-macos-x86_64 | 0.2.2 | 108.00 | NOTE | |||
r-release-windows-x86_64 | 0.2.2 | 12.00 | 145.00 | 157.00 | NOTE | |
r-oldrel-macos-arm64 | 0.2.2 | 48.00 | NOTE | |||
r-oldrel-macos-x86_64 | 0.2.2 | 93.00 | NOTE | |||
r-oldrel-windows-x86_64 | 0.2.2 | 12.00 | 148.00 | 160.00 | NOTE |
Version: 0.2.2
Check: LazyData
Result: NOTE
'LazyData' is specified without a 'data' directory
Flavors: r-devel-linux-x86_64-debian-clang, r-devel-linux-x86_64-debian-gcc, r-devel-linux-x86_64-fedora-clang, r-devel-linux-x86_64-fedora-gcc, r-devel-windows-x86_64, r-patched-linux-x86_64, r-release-linux-x86_64, r-release-macos-arm64, r-release-macos-x86_64, r-release-windows-x86_64, r-oldrel-macos-arm64, r-oldrel-macos-x86_64, r-oldrel-windows-x86_64