Last updated on 2025-04-30 01:50:16 CEST.
Flavor | Version | Tinstall | Tcheck | Ttotal | Status | Flags |
---|---|---|---|---|---|---|
r-devel-linux-x86_64-debian-clang | 1.0.0 | 50.66 | 407.39 | 458.05 | NOTE | |
r-devel-linux-x86_64-debian-gcc | 1.0.0 | 32.13 | 258.67 | 290.80 | OK | |
r-devel-linux-x86_64-fedora-clang | 1.0.0 | 782.11 | OK | |||
r-devel-linux-x86_64-fedora-gcc | 1.0.0 | 670.37 | OK | |||
r-devel-windows-x86_64 | 1.0.0 | 44.00 | 324.00 | 368.00 | OK | |
r-patched-linux-x86_64 | 1.0.0 | 45.51 | 380.42 | 425.93 | OK | |
r-release-linux-x86_64 | 1.0.0 | 40.44 | 377.69 | 418.13 | OK | |
r-release-macos-arm64 | 1.0.0 | 153.00 | OK | |||
r-release-macos-x86_64 | 1.0.0 | 173.00 | OK | |||
r-release-windows-x86_64 | 1.0.0 | 47.00 | 314.00 | 361.00 | OK | |
r-oldrel-macos-arm64 | 1.0.0 | 80.00 | OK | |||
r-oldrel-macos-x86_64 | 1.0.0 | 228.00 | OK | |||
r-oldrel-windows-x86_64 | 1.0.0 | 59.00 | 422.00 | 481.00 | OK |
Version: 1.0.0
Check: examples
Result: NOTE
Examples with CPU (user + system) or elapsed time > 5s
user system elapsed
gl.ld.distance 5.609 0.209 9.942
gl.ld.haplotype 3.281 0.044 5.988
Flavor: r-devel-linux-x86_64-debian-clang