Last updated on 2025-04-30 01:50:16 CEST.
Flavor | Version | Tinstall | Tcheck | Ttotal | Status | Flags |
---|---|---|---|---|---|---|
r-devel-linux-x86_64-debian-clang | 0.1.4 | 6.24 | 110.30 | 116.54 | NOTE | |
r-devel-linux-x86_64-debian-gcc | 0.1.4 | 4.34 | 75.62 | 79.96 | NOTE | |
r-devel-linux-x86_64-fedora-clang | 0.1.4 | 184.28 | NOTE | |||
r-devel-linux-x86_64-fedora-gcc | 0.1.4 | 185.23 | NOTE | |||
r-devel-windows-x86_64 | 0.1.4 | 8.00 | 131.00 | 139.00 | NOTE | |
r-patched-linux-x86_64 | 0.1.4 | 6.29 | 105.14 | 111.43 | NOTE | |
r-release-linux-x86_64 | 0.1.4 | 6.63 | 104.56 | 111.19 | NOTE | |
r-release-macos-arm64 | 0.1.4 | 65.00 | NOTE | |||
r-release-macos-x86_64 | 0.1.4 | 117.00 | NOTE | |||
r-release-windows-x86_64 | 0.1.4 | 8.00 | 129.00 | 137.00 | NOTE | |
r-oldrel-macos-arm64 | 0.1.4 | 51.00 | NOTE | |||
r-oldrel-macos-x86_64 | 0.1.4 | 85.00 | NOTE | |||
r-oldrel-windows-x86_64 | 0.1.4 | 10.00 | 160.00 | 170.00 | NOTE |
Version: 0.1.4
Check: Rd files
Result: NOTE
checkRd: (-1) processFlow.Rd:14: Lost braces
14 | \item{roundDigits}{Integer. If NA, numerics are not rounded before comparison. If /code{roundDigits} is specified, numerics are
| ^
checkRd: (-1) processFlow.Rd:15: Lost braces
15 | rounded to /code{roundDigits} decimal places using \link[base]{round}.}
| ^
Flavors: r-devel-linux-x86_64-debian-clang, r-devel-linux-x86_64-debian-gcc, r-devel-linux-x86_64-fedora-clang, r-devel-linux-x86_64-fedora-gcc, r-devel-windows-x86_64, r-patched-linux-x86_64, r-release-linux-x86_64, r-release-macos-arm64, r-release-macos-x86_64, r-release-windows-x86_64, r-oldrel-macos-arm64, r-oldrel-macos-x86_64, r-oldrel-windows-x86_64