Last updated on 2023-12-09 08:49:39 CET.
Flavor | Version | Tinstall | Tcheck | Ttotal | Status | Flags |
---|---|---|---|---|---|---|
r-devel-linux-x86_64-debian-clang | 1.4.1 | 10.71 | 86.59 | 97.30 | NOTE | |
r-devel-linux-x86_64-debian-gcc | 1.4.1 | 7.49 | 65.96 | 73.45 | NOTE | |
r-devel-linux-x86_64-fedora-clang | 1.4.1 | 124.54 | OK | |||
r-devel-linux-x86_64-fedora-gcc | 1.4.1 | 134.37 | OK | |||
r-devel-windows-x86_64 | 1.4.1 | 10.00 | 92.00 | 102.00 | OK | |
r-patched-linux-x86_64 | 1.4.1 | 10.87 | 84.13 | 95.00 | OK | |
r-release-linux-x86_64 | 1.4.1 | 7.31 | 81.50 | 88.81 | OK | |
r-release-macos-arm64 | 1.4.1 | 43.00 | OK | |||
r-release-macos-x86_64 | 1.4.1 | 63.00 | OK | |||
r-release-windows-x86_64 | 1.4.1 | 13.00 | 105.00 | 118.00 | OK | |
r-oldrel-macos-arm64 | 1.4.1 | 33.00 | OK | |||
r-oldrel-macos-x86_64 | 1.4.1 | 50.00 | OK | |||
r-oldrel-windows-x86_64 | 1.4.1 | 14.00 | 104.00 | 118.00 | OK |
Version: 1.4.1
Check: Rd files
Result: NOTE
checkRd: (-1) DataObject-class.Rd:49: Lost braces in \itemize; meant \describe ?
checkRd: (-1) DataObject-class.Rd:50: Lost braces in \itemize; meant \describe ?
checkRd: (-1) DataObject-class.Rd:51: Lost braces in \itemize; meant \describe ?
checkRd: (-1) DataObject-class.Rd:52: Lost braces in \itemize; meant \describe ?
checkRd: (-1) DataObject-class.Rd:53: Lost braces in \itemize; meant \describe ?
checkRd: (-1) DataObject-class.Rd:54: Lost braces in \itemize; meant \describe ?
checkRd: (-1) DataObject-class.Rd:55: Lost braces in \itemize; meant \describe ?
checkRd: (-1) DataObject-class.Rd:56: Lost braces in \itemize; meant \describe ?
checkRd: (-1) DataObject-class.Rd:57: Lost braces in \itemize; meant \describe ?
checkRd: (-1) DataPackage-class.Rd:48: Lost braces in \itemize; meant \describe ?
checkRd: (-1) DataPackage-class.Rd:49: Lost braces in \itemize; meant \describe ?
checkRd: (-1) DataPackage-class.Rd:50: Lost braces in \itemize; meant \describe ?
checkRd: (-1) DataPackage-class.Rd:51: Lost braces in \itemize; meant \describe ?
checkRd: (-1) DataPackage-class.Rd:52: Lost braces in \itemize; meant \describe ?
checkRd: (-1) DataPackage-class.Rd:53: Lost braces in \itemize; meant \describe ?
checkRd: (-1) DataPackage-class.Rd:54: Lost braces in \itemize; meant \describe ?
checkRd: (-1) DataPackage-class.Rd:55: Lost braces in \itemize; meant \describe ?
checkRd: (-1) DataPackage-class.Rd:56: Lost braces in \itemize; meant \describe ?
checkRd: (-1) DataPackage-class.Rd:57: Lost braces in \itemize; meant \describe ?
checkRd: (-1) DataPackage-class.Rd:58: Lost braces in \itemize; meant \describe ?
checkRd: (-1) DataPackage-class.Rd:59: Lost braces in \itemize; meant \describe ?
checkRd: (-1) DataPackage-class.Rd:60: Lost braces in \itemize; meant \describe ?
checkRd: (-1) DataPackage-class.Rd:61: Lost braces in \itemize; meant \describe ?
checkRd: (-1) DataPackage-class.Rd:62: Lost braces in \itemize; meant \describe ?
checkRd: (-1) DataPackage-class.Rd:63: Lost braces in \itemize; meant \describe ?
checkRd: (-1) DataPackage-class.Rd:64: Lost braces in \itemize; meant \describe ?
checkRd: (-1) DataPackage-class.Rd:65: Lost braces in \itemize; meant \describe ?
checkRd: (-1) DataPackage-class.Rd:66: Lost braces in \itemize; meant \describe ?
checkRd: (-1) DataPackage-class.Rd:67: Lost braces in \itemize; meant \describe ?
checkRd: (-1) DataPackage-class.Rd:68: Lost braces in \itemize; meant \describe ?
checkRd: (-1) DataPackage-class.Rd:69: Lost braces in \itemize; meant \describe ?
checkRd: (-1) DataPackage-class.Rd:70: Lost braces in \itemize; meant \describe ?
checkRd: (-1) DataPackage-class.Rd:71: Lost braces in \itemize; meant \describe ?
checkRd: (-1) DataPackage-class.Rd:72: Lost braces in \itemize; meant \describe ?
checkRd: (-1) DataPackage-class.Rd:73: Lost braces in \itemize; meant \describe ?
checkRd: (-1) ResourceMap-class.Rd:29: Lost braces in \itemize; meant \describe ?
checkRd: (-1) ResourceMap-class.Rd:30: Lost braces in \itemize; meant \describe ?
checkRd: (-1) ResourceMap-class.Rd:31: Lost braces in \itemize; meant \describe ?
checkRd: (-1) ResourceMap-class.Rd:32: Lost braces in \itemize; meant \describe ?
checkRd: (-1) ResourceMap-class.Rd:33: Lost braces in \itemize; meant \describe ?
checkRd: (-1) SystemMetadata-class.Rd:67: Lost braces in \itemize; meant \describe ?
checkRd: (-1) SystemMetadata-class.Rd:68: Lost braces in \itemize; meant \describe ?
checkRd: (-1) SystemMetadata-class.Rd:69: Lost braces in \itemize; meant \describe ?
checkRd: (-1) SystemMetadata-class.Rd:70: Lost braces in \itemize; meant \describe ?
checkRd: (-1) SystemMetadata-class.Rd:71: Lost braces in \itemize; meant \describe ?
checkRd: (-1) SystemMetadata-class.Rd:72: Lost braces in \itemize; meant \describe ?
checkRd: (-1) SystemMetadata-class.Rd:73: Lost braces in \itemize; meant \describe ?
checkRd: (-1) SystemMetadata-class.Rd:74: Lost braces in \itemize; meant \describe ?
checkRd: (-1) datapack-deprecated.Rd:13: Lost braces in \itemize; meant \describe ?
checkRd: (-1) datapack-deprecated.Rd:14: Lost braces in \itemize; meant \describe ?
checkRd: (-1) datapack.Rd:44: Lost braces in \itemize; meant \describe ?
checkRd: (-1) datapack.Rd:45: Lost braces in \itemize; meant \describe ?
checkRd: (-1) datapack.Rd:46: Lost braces in \itemize; meant \describe ?
checkRd: (-1) datapack.Rd:47: Lost braces in \itemize; meant \describe ?
checkRd: (-1) describeWorkflow.Rd:59: Lost braces in \itemize; meant \describe ?
checkRd: (-1) describeWorkflow.Rd:60: Lost braces in \itemize; meant \describe ?
checkRd: (-1) describeWorkflow.Rd:61: Lost braces in \itemize; meant \describe ?
Flavors: r-devel-linux-x86_64-debian-clang, r-devel-linux-x86_64-debian-gcc