CRAN Package Check Results for Package dbGaPCheckup

Last updated on 2025-04-30 00:49:41 CEST.

Flavor Version Tinstall Tcheck Ttotal Status Flags
r-devel-linux-x86_64-debian-clang 1.1.0 10.78 122.60 133.38 NOTE
r-devel-linux-x86_64-debian-gcc 1.1.0 7.53 84.62 92.15 NOTE
r-devel-linux-x86_64-fedora-clang 1.1.0 201.53 NOTE
r-devel-linux-x86_64-fedora-gcc 1.1.0 199.02 NOTE
r-devel-windows-x86_64 1.1.0 12.00 145.00 157.00 NOTE
r-patched-linux-x86_64 1.1.0 10.50 116.87 127.37 NOTE
r-release-linux-x86_64 1.1.0 8.97 116.31 125.28 NOTE
r-release-macos-arm64 1.1.0 70.00 NOTE
r-release-macos-x86_64 1.1.0 116.00 NOTE
r-release-windows-x86_64 1.1.0 12.00 135.00 147.00 NOTE
r-oldrel-macos-arm64 1.1.0 56.00 NOTE
r-oldrel-macos-x86_64 1.1.0 93.00 NOTE
r-oldrel-windows-x86_64 1.1.0 15.00 170.00 185.00 NOTE

Check Details

Version: 1.1.0
Check: Rd files
Result: NOTE checkRd: (-1) value_missing_table.Rd:19: Lost braces in \itemize; \value handles \item{}{} directly checkRd: (-1) value_missing_table.Rd:20: Lost braces in \itemize; \value handles \item{}{} directly Flavors: r-devel-linux-x86_64-debian-clang, r-devel-linux-x86_64-debian-gcc, r-devel-linux-x86_64-fedora-clang, r-devel-linux-x86_64-fedora-gcc, r-devel-windows-x86_64, r-patched-linux-x86_64, r-release-linux-x86_64, r-release-macos-arm64, r-release-macos-x86_64, r-release-windows-x86_64, r-oldrel-macos-arm64, r-oldrel-macos-x86_64, r-oldrel-windows-x86_64