Last updated on 2025-01-18 00:48:29 CET.
Flavor | Version | Tinstall | Tcheck | Ttotal | Status | Flags |
---|---|---|---|---|---|---|
r-devel-linux-x86_64-debian-clang | 0.9-30 | 47.24 | 143.08 | 190.32 | NOTE | |
r-devel-linux-x86_64-debian-gcc | 0.9-30 | 32.94 | 90.53 | 123.47 | NOTE | |
r-devel-linux-x86_64-fedora-clang | 0.9-30 | 352.42 | NOTE | |||
r-devel-linux-x86_64-fedora-gcc | 0.9-30 | 339.32 | NOTE | |||
r-devel-windows-x86_64 | 0.9-30 | 68.00 | 187.00 | 255.00 | OK | |
r-patched-linux-x86_64 | 0.9-30 | 44.09 | 125.72 | 169.81 | OK | |
r-release-linux-x86_64 | 0.9-30 | 43.93 | 124.77 | 168.70 | OK | |
r-release-macos-arm64 | 0.9-30 | 104.00 | OK | |||
r-release-macos-x86_64 | 0.9-30 | 263.00 | OK | |||
r-release-windows-x86_64 | 0.9-30 | 67.00 | 174.00 | 241.00 | OK | |
r-oldrel-macos-arm64 | 0.9-30 | 115.00 | OK | |||
r-oldrel-macos-x86_64 | 0.9-30 | 264.00 | OK | |||
r-oldrel-windows-x86_64 | 0.9-30 | 61.00 | 200.00 | 261.00 | OK |
Version: 0.9-30
Check: top-level files
Result: NOTE
possible bashism in configure.ac line 158 (should be 'b = a'):
if test "$ac_cv_header_cstdint" == no; then
Flavors: r-devel-linux-x86_64-debian-clang, r-devel-linux-x86_64-debian-gcc, r-devel-linux-x86_64-fedora-clang, r-devel-linux-x86_64-fedora-gcc