Last updated on 2025-02-04 21:49:22 CET.
Flavor | Version | Tinstall | Tcheck | Ttotal | Status | Flags |
---|---|---|---|---|---|---|
r-devel-linux-x86_64-debian-clang | 1.2.1 | 42.52 | 70.43 | 112.95 | OK | |
r-devel-linux-x86_64-debian-gcc | 1.2.1 | 32.61 | 51.39 | 84.00 | OK | |
r-devel-linux-x86_64-fedora-clang | 1.2.1 | 197.80 | OK | |||
r-devel-linux-x86_64-fedora-gcc | 1.2.1 | 232.63 | OK | |||
r-devel-windows-x86_64 | 1.2.1 | 40.00 | 108.00 | 148.00 | OK | |
r-patched-linux-x86_64 | 1.2.1 | 43.66 | 70.29 | 113.95 | OK | |
r-release-linux-x86_64 | 1.2.1 | 46.08 | 71.52 | 117.60 | OK | |
r-release-macos-arm64 | 1.2.1 | 60.00 | NOTE | |||
r-release-macos-x86_64 | 1.2.1 | 91.00 | NOTE | |||
r-release-windows-x86_64 | 1.2.1 | 40.00 | 107.00 | 147.00 | OK | |
r-oldrel-macos-arm64 | 1.2.1 | 65.00 | NOTE | |||
r-oldrel-macos-x86_64 | 1.2.1 | 121.00 | NOTE | |||
r-oldrel-windows-x86_64 | 1.2.1 | 46.00 | 143.00 | 189.00 | OK |
Version: 1.2.1
Check: installed package size
Result: NOTE
installed size is 15.2Mb
sub-directories of 1Mb or more:
libs 14.5Mb
Flavors: r-release-macos-arm64, r-release-macos-x86_64, r-oldrel-macos-arm64, r-oldrel-macos-x86_64