Last updated on 2025-04-30 06:51:15 CEST.
Flavor | Version | Tinstall | Tcheck | Ttotal | Status | Flags |
---|---|---|---|---|---|---|
r-devel-linux-x86_64-debian-clang | 0.5.4 | 3.10 | 73.81 | 76.91 | NOTE | |
r-devel-linux-x86_64-debian-gcc | 0.5.4 | 2.65 | 53.24 | 55.89 | OK | |
r-devel-linux-x86_64-fedora-clang | 0.5.4 | 126.82 | OK | |||
r-devel-linux-x86_64-fedora-gcc | 0.5.4 | 125.69 | OK | |||
r-devel-windows-x86_64 | 0.5.4 | 6.00 | 101.00 | 107.00 | OK | |
r-patched-linux-x86_64 | 0.5.4 | 3.63 | 68.22 | 71.85 | OK | |
r-release-linux-x86_64 | 0.5.4 | 3.37 | 67.36 | 70.73 | OK | |
r-release-macos-arm64 | 0.5.4 | 49.00 | OK | |||
r-release-macos-x86_64 | 0.5.4 | 97.00 | OK | |||
r-release-windows-x86_64 | 0.5.4 | 8.00 | 97.00 | 105.00 | OK | |
r-oldrel-macos-arm64 | 0.5.4 | 48.00 | OK | |||
r-oldrel-macos-x86_64 | 0.5.4 | 68.00 | OK | |||
r-oldrel-windows-x86_64 | 0.5.4 | 8.00 | 109.00 | 117.00 | OK |
Version: 0.5.4
Check: examples
Result: NOTE
Examples with CPU (user + system) or elapsed time > 5s
user system elapsed
clique_community_names 3.765 0.289 5.185
Flavor: r-devel-linux-x86_64-debian-clang