Last updated on 2025-04-29 15:50:09 CEST.
Flavor | Version | Tinstall | Tcheck | Ttotal | Status | Flags |
---|---|---|---|---|---|---|
r-devel-linux-x86_64-debian-clang | 0.2.0 | 10.36 | 65.22 | 75.58 | NOTE | |
r-devel-linux-x86_64-debian-gcc | 0.2.0 | 7.80 | 48.75 | 56.55 | NOTE | |
r-devel-linux-x86_64-fedora-clang | 0.2.0 | 118.90 | OK | |||
r-devel-linux-x86_64-fedora-gcc | 0.2.0 | 130.52 | OK | |||
r-devel-windows-x86_64 | 0.2.0 | 12.00 | 85.00 | 97.00 | OK | |
r-patched-linux-x86_64 | 0.2.0 | 10.84 | 63.37 | 74.21 | OK | |
r-release-linux-x86_64 | 0.2.0 | 10.98 | 62.82 | 73.80 | OK | |
r-release-macos-arm64 | 0.2.0 | 63.00 | OK | |||
r-release-macos-x86_64 | 0.2.0 | 94.00 | OK | |||
r-release-windows-x86_64 | 0.2.0 | 12.00 | 88.00 | 100.00 | OK | |
r-oldrel-macos-arm64 | 0.2.0 | 49.00 | OK | |||
r-oldrel-macos-x86_64 | 0.2.0 | 81.00 | OK | |||
r-oldrel-windows-x86_64 | 0.2.0 | 14.00 | 105.00 | 119.00 | OK |
Version: 0.2.0
Check: CRAN incoming feasibility
Result: NOTE
Maintainer: ‘James Ware <j.ware@imperial.ac.uk>’
Found the following URLs which should use \doi (with the DOI name only):
File ‘fmrpGenes.Rd’:
http://dx.doi.org/10.1016/j.cell.2011.06.013
Flavors: r-devel-linux-x86_64-debian-clang, r-devel-linux-x86_64-debian-gcc