Last updated on 2025-04-29 15:50:09 CEST.
Flavor | Version | Tinstall | Tcheck | Ttotal | Status | Flags |
---|---|---|---|---|---|---|
r-devel-linux-x86_64-debian-clang | 0.1.0 | 7.03 | 127.10 | 134.13 | NOTE | |
r-devel-linux-x86_64-debian-gcc | 0.1.0 | 4.27 | 92.51 | 96.78 | NOTE | |
r-devel-linux-x86_64-fedora-clang | 0.1.0 | 195.95 | OK | |||
r-devel-linux-x86_64-fedora-gcc | 0.1.0 | 206.97 | OK | |||
r-devel-windows-x86_64 | 0.1.0 | 10.00 | 120.00 | 130.00 | NOTE | |
r-patched-linux-x86_64 | 0.1.0 | 5.64 | 122.26 | 127.90 | NOTE | |
r-release-linux-x86_64 | 0.1.0 | 5.89 | 122.33 | 128.22 | NOTE | |
r-release-macos-arm64 | 0.1.0 | 66.00 | OK | |||
r-release-macos-x86_64 | 0.1.0 | 147.00 | OK | |||
r-release-windows-x86_64 | 0.1.0 | 8.00 | 123.00 | 131.00 | NOTE | |
r-oldrel-macos-arm64 | 0.1.0 | 63.00 | OK | |||
r-oldrel-macos-x86_64 | 0.1.0 | 95.00 | OK | |||
r-oldrel-windows-x86_64 | 0.1.0 | 10.00 | 151.00 | 161.00 | OK |
Version: 0.1.0
Check: Rd cross-references
Result: NOTE
Found the following Rd file(s) with Rd \link{} targets missing package
anchors:
density_polygons.Rd: sf
Please provide package anchors for all Rd \link{} targets not in the
package itself and the base packages.
Flavors: r-devel-linux-x86_64-debian-clang, r-devel-linux-x86_64-debian-gcc, r-devel-windows-x86_64, r-patched-linux-x86_64, r-release-linux-x86_64, r-release-windows-x86_64
Version: 0.1.0
Check: examples
Result: NOTE
Examples with CPU (user + system) or elapsed time > 5s
user system elapsed
density_polygons 5.38 0.074 6.56
Flavor: r-devel-linux-x86_64-debian-clang