Last updated on 2023-12-04 03:53:38 CET.
Flavor | Version | Tinstall | Tcheck | Ttotal | Status | Flags |
---|---|---|---|---|---|---|
r-devel-linux-x86_64-debian-clang | 0.9.16 | 13.50 | 44.82 | 58.32 | NOTE | |
r-devel-linux-x86_64-debian-gcc | 0.9.16 | 9.60 | 34.32 | 43.92 | NOTE | |
r-devel-linux-x86_64-fedora-clang | 0.9.16 | 75.48 | NOTE | |||
r-devel-linux-x86_64-fedora-gcc | 0.9.16 | 76.56 | NOTE | |||
r-devel-windows-x86_64 | 0.9.16 | 15.00 | 59.00 | 74.00 | NOTE | |
r-patched-linux-x86_64 | 0.9.16 | 11.27 | 43.47 | 54.74 | NOTE | |
r-release-linux-x86_64 | 0.9.16 | 11.39 | 43.28 | 54.67 | NOTE | |
r-release-macos-arm64 | 0.9.16 | 25.00 | NOTE | |||
r-release-macos-x86_64 | 0.9.16 | 38.00 | NOTE | |||
r-release-windows-x86_64 | 0.9.16 | 14.00 | 64.00 | 78.00 | NOTE | |
r-oldrel-macos-arm64 | 0.9.16 | 28.00 | NOTE | |||
r-oldrel-macos-x86_64 | 0.9.16 | 34.00 | NOTE | |||
r-oldrel-windows-x86_64 | 0.9.16 | 17.00 | 66.00 | 83.00 | NOTE |
Version: 0.9.16
Check: package dependencies
Result: NOTE
Package suggested but not available for checking: ‘Rdonlp2’
Flavors: r-devel-linux-x86_64-debian-clang, r-devel-linux-x86_64-debian-gcc, r-devel-linux-x86_64-fedora-clang, r-devel-linux-x86_64-fedora-gcc, r-devel-windows-x86_64, r-patched-linux-x86_64, r-release-linux-x86_64, r-release-macos-arm64, r-release-macos-x86_64, r-release-windows-x86_64, r-oldrel-macos-arm64, r-oldrel-macos-x86_64, r-oldrel-windows-x86_64
Version: 0.9.16
Check: Rd files
Result: NOTE
checkRd: (-1) discrimination.Rd:19: Escaped LaTeX specials: \&
checkRd: (-1) fitdmm.Rd:59: Escaped LaTeX specials: \$
Flavors: r-devel-linux-x86_64-debian-clang, r-devel-linux-x86_64-debian-gcc, r-devel-linux-x86_64-fedora-clang, r-devel-linux-x86_64-fedora-gcc, r-devel-windows-x86_64, r-patched-linux-x86_64, r-release-linux-x86_64, r-release-macos-arm64, r-release-macos-x86_64, r-release-windows-x86_64