Last updated on 2025-04-30 07:55:05 CEST.
Flavor | Version | Tinstall | Tcheck | Ttotal | Status | Flags |
---|---|---|---|---|---|---|
r-devel-linux-x86_64-debian-clang | 0.3.0 | 26.26 | 74.46 | 100.72 | NOTE | |
r-devel-linux-x86_64-debian-gcc | 0.3.0 | 19.19 | 53.47 | 72.66 | NOTE | |
r-devel-linux-x86_64-fedora-clang | 0.3.0 | 180.77 | NOTE | |||
r-devel-linux-x86_64-fedora-gcc | 0.3.0 | 156.05 | NOTE | |||
r-devel-windows-x86_64 | 0.3.0 | 38.00 | 96.00 | 134.00 | NOTE | |
r-patched-linux-x86_64 | 0.3.0 | 27.33 | 68.93 | 96.26 | NOTE | |
r-release-linux-x86_64 | 0.3.0 | 25.70 | 68.58 | 94.28 | NOTE | |
r-release-macos-arm64 | 0.3.0 | 51.00 | NOTE | |||
r-release-macos-x86_64 | 0.3.0 | 104.00 | NOTE | |||
r-release-windows-x86_64 | 0.3.0 | 37.00 | 97.00 | 134.00 | NOTE | |
r-oldrel-macos-arm64 | 0.3.0 | 40.00 | NOTE | |||
r-oldrel-macos-x86_64 | 0.3.0 | 80.00 | NOTE | |||
r-oldrel-windows-x86_64 | 0.3.0 | 42.00 | 128.00 | 170.00 | NOTE |
Version: 0.3.0
Check: CRAN incoming feasibility
Result: NOTE
Maintainer: ‘Kyle Butts <kyle.butts@colorado.edu>’
Package CITATION file contains call(s) to old-style citEntry(). Please
use bibentry() instead.
Flavors: r-devel-linux-x86_64-debian-clang, r-devel-linux-x86_64-debian-gcc
Version: 0.3.0
Check: C++ specification
Result: NOTE
Specified C++11: please drop specification unless essential
Flavors: r-devel-linux-x86_64-debian-clang, r-devel-linux-x86_64-debian-gcc, r-devel-linux-x86_64-fedora-clang, r-devel-linux-x86_64-fedora-gcc, r-devel-windows-x86_64, r-patched-linux-x86_64, r-release-linux-x86_64, r-release-macos-arm64, r-release-macos-x86_64, r-release-windows-x86_64, r-oldrel-macos-arm64, r-oldrel-macos-x86_64, r-oldrel-windows-x86_64
Version: 0.3.0
Check: Rd files
Result: NOTE
checkRd: (-1) did_imputation.Rd:74: Lost braces; missing escapes or markup?
74 | form average treatment effects for groups of {it}.
| ^
Flavors: r-devel-linux-x86_64-debian-clang, r-devel-linux-x86_64-debian-gcc, r-devel-linux-x86_64-fedora-clang, r-devel-linux-x86_64-fedora-gcc, r-devel-windows-x86_64, r-patched-linux-x86_64, r-release-linux-x86_64, r-release-macos-arm64, r-release-macos-x86_64, r-release-windows-x86_64, r-oldrel-macos-arm64, r-oldrel-macos-x86_64, r-oldrel-windows-x86_64