Last updated on 2024-08-31 22:49:36 CEST.
Flavor | Version | Tinstall | Tcheck | Ttotal | Status | Flags |
---|---|---|---|---|---|---|
r-devel-linux-x86_64-debian-clang | 1.0.4 | 3.44 | 55.40 | 58.84 | NOTE | |
r-devel-linux-x86_64-debian-gcc | 1.0.4 | 3.06 | 37.66 | 40.72 | NOTE | |
r-devel-linux-x86_64-fedora-clang | 1.0.4 | 98.72 | NOTE | |||
r-devel-linux-x86_64-fedora-gcc | 1.0.4 | 103.47 | NOTE | |||
r-devel-windows-x86_64 | 1.0.4 | 6.00 | 74.00 | 80.00 | NOTE | |
r-patched-linux-x86_64 | 1.0.4 | 4.05 | 51.33 | 55.38 | NOTE | |
r-release-linux-x86_64 | 1.0.4 | 4.11 | 52.11 | 56.22 | NOTE | |
r-release-macos-arm64 | 1.0.4 | 34.00 | NOTE | |||
r-release-macos-x86_64 | 1.0.4 | 61.00 | NOTE | |||
r-release-windows-x86_64 | 1.0.4 | 5.00 | 73.00 | 78.00 | NOTE | |
r-oldrel-macos-arm64 | 1.0.4 | 35.00 | NOTE | |||
r-oldrel-macos-x86_64 | 1.0.4 | 58.00 | NOTE | |||
r-oldrel-windows-x86_64 | 1.0.4 | 7.00 | 86.00 | 93.00 | NOTE |
Version: 1.0.4
Check: LazyData
Result: NOTE
'LazyData' is specified without a 'data' directory
Flavors: r-devel-linux-x86_64-debian-clang, r-devel-linux-x86_64-debian-gcc, r-devel-linux-x86_64-fedora-clang, r-devel-linux-x86_64-fedora-gcc, r-devel-windows-x86_64, r-patched-linux-x86_64, r-release-linux-x86_64, r-release-macos-arm64, r-release-macos-x86_64, r-release-windows-x86_64, r-oldrel-macos-arm64, r-oldrel-macos-x86_64, r-oldrel-windows-x86_64