CRAN Package Check Results for Package directotree

Last updated on 2024-06-13 10:48:52 CEST.

Flavor Version Tinstall Tcheck Ttotal Status Flags
r-devel-linux-x86_64-debian-clang 1.0.0 3.67 29.09 32.76 NOTE
r-devel-linux-x86_64-debian-gcc 1.0.0 2.24 23.33 25.57 NOTE
r-devel-linux-x86_64-fedora-clang 1.0.0 41.49 NOTE
r-devel-linux-x86_64-fedora-gcc 1.0.0 39.70 NOTE
r-devel-windows-x86_64 1.0.0 4.00 44.00 48.00 NOTE
r-patched-linux-x86_64 1.0.0 3.84 29.21 33.05 NOTE
r-release-linux-x86_64 1.0.0 2.99 28.33 31.32 NOTE
r-release-macos-arm64 1.0.0 20.00 NOTE
r-release-macos-x86_64 1.0.0 32.00 NOTE
r-release-windows-x86_64 1.0.0 5.00 44.00 49.00 NOTE
r-oldrel-macos-arm64 1.0.0 21.00 NOTE
r-oldrel-macos-x86_64 1.0.0 23.00 NOTE
r-oldrel-windows-x86_64 1.0.0 5.00 44.00 49.00 NOTE

Check Details

Version: 1.0.0
Check: LazyData
Result: NOTE 'LazyData' is specified without a 'data' directory Flavors: r-devel-linux-x86_64-debian-clang, r-devel-linux-x86_64-debian-gcc, r-devel-linux-x86_64-fedora-clang, r-devel-linux-x86_64-fedora-gcc, r-devel-windows-x86_64, r-patched-linux-x86_64, r-release-linux-x86_64, r-release-macos-arm64, r-release-macos-x86_64, r-release-windows-x86_64, r-oldrel-macos-arm64, r-oldrel-macos-x86_64, r-oldrel-windows-x86_64