CRAN Package Check Results for Package disclapmix

Last updated on 2023-06-07 13:01:50 CEST.

Flavor Version Tinstall Tcheck Ttotal Status Flags
r-devel-linux-x86_64-debian-clang 1.7.4 40.37 78.86 119.23 NOTE
r-devel-linux-x86_64-debian-gcc 1.7.4 28.26 59.24 87.50 NOTE
r-devel-linux-x86_64-fedora-clang 1.7.4 160.97 NOTE
r-devel-linux-x86_64-fedora-gcc 1.7.4 164.10 NOTE
r-devel-windows-x86_64 1.7.4 31.00 108.00 139.00 NOTE
r-patched-linux-x86_64 1.7.4 27.59 75.78 103.37 NOTE
r-release-linux-x86_64 1.7.4 31.93 75.74 107.67 NOTE
r-release-macos-arm64 1.7.4 56.00 NOTE
r-release-macos-x86_64 1.7.4 88.00 NOTE
r-release-windows-x86_64 1.7.4 29.00 121.00 150.00 NOTE
r-oldrel-macos-arm64 1.7.4 54.00 OK
r-oldrel-macos-x86_64 1.7.4 68.00 OK
r-oldrel-windows-x86_64 1.7.4 39.00 119.00 158.00 OK

Check Details

Version: 1.7.4
Check: C++ specification
Result: NOTE
     Specified C++11: please drop specification unless essential
Flavors: r-devel-linux-x86_64-debian-clang, r-devel-linux-x86_64-debian-gcc, r-devel-linux-x86_64-fedora-clang, r-devel-linux-x86_64-fedora-gcc, r-devel-windows-x86_64, r-patched-linux-x86_64, r-release-linux-x86_64, r-release-macos-arm64, r-release-macos-x86_64, r-release-windows-x86_64