Last updated on 2025-05-01 12:49:26 CEST.
Flavor | Version | Tinstall | Tcheck | Ttotal | Status | Flags |
---|---|---|---|---|---|---|
r-devel-linux-x86_64-debian-clang | 0.0.1 | 2.21 | 38.54 | 40.75 | NOTE | |
r-devel-linux-x86_64-debian-gcc | 0.0.1 | 1.42 | 27.90 | 29.32 | OK | |
r-devel-linux-x86_64-fedora-clang | 0.0.1 | 65.49 | NOTE | |||
r-devel-linux-x86_64-fedora-gcc | 0.0.1 | 75.90 | NOTE | |||
r-devel-windows-x86_64 | 0.0.1 | 5.00 | 65.00 | 70.00 | OK | |
r-patched-linux-x86_64 | 0.0.1 | 2.48 | 36.10 | 38.58 | OK | |
r-release-linux-x86_64 | OK | |||||
r-release-macos-arm64 | 0.0.1 | 32.00 | OK | |||
r-release-macos-x86_64 | 0.0.1 | 57.00 | OK | |||
r-release-windows-x86_64 | 0.0.1 | 5.00 | 68.00 | 73.00 | OK | |
r-oldrel-macos-arm64 | 0.0.1 | 31.00 | OK | |||
r-oldrel-macos-x86_64 | 0.0.1 | 46.00 | OK | |||
r-oldrel-windows-x86_64 | 0.0.1 | 4.00 | 71.00 | 75.00 | OK |
Version: 0.0.1
Check: examples
Result: NOTE
Examples with CPU (user + system) or elapsed time > 5s
user system elapsed
check_title 7.712 0.034 11.288
Flavor: r-devel-linux-x86_64-debian-clang
Version: 0.0.1
Check: examples
Result: NA
user system elapsed
check_title 4.112 0.018 5.264
OK
Flavor: r-devel-linux-x86_64-debian-gcc
Version: 0.0.1
Check: dependencies in R code
Result: NOTE
Namespaces in Imports field not imported from:
‘dplyr’ ‘readr’
All declared Imports should be used.
Flavors: r-devel-linux-x86_64-fedora-clang, r-devel-linux-x86_64-fedora-gcc