CRAN Package Check Results for Package discursive

Last updated on 2024-06-13 12:49:32 CEST.

Flavor Version Tinstall Tcheck Ttotal Status Flags
r-devel-linux-x86_64-debian-clang 0.1.1 7.29 191.59 198.88 OK
r-devel-linux-x86_64-debian-gcc 0.1.1 0.32 1.56 1.88 ERROR
r-devel-linux-x86_64-fedora-clang 0.1.1 245.15 NOTE
r-devel-linux-x86_64-fedora-gcc 0.1.1 232.83 NOTE
r-devel-windows-x86_64 0.1.1 10.00 139.00 149.00 OK
r-patched-linux-x86_64 0.1.1 7.93 188.02 195.95 OK
r-release-linux-x86_64 0.1.1 8.25 183.44 191.69 OK
r-release-macos-arm64 0.1.1 62.00 OK
r-release-macos-x86_64 0.1.1 108.00 OK
r-release-windows-x86_64 0.1.1 10.00 143.00 153.00 OK
r-oldrel-macos-arm64 0.1.1 75.00 OK
r-oldrel-macos-x86_64 0.1.1 173.00 OK
r-oldrel-windows-x86_64 0.1.1 11.00 175.00 186.00 OK

Check Details

Version: 0.1.1
Check: package dependencies
Result: ERROR Packages required but not available: 'stm', 'stringr' Package suggested but not available for checking: ‘testthat’ See section ‘The DESCRIPTION file’ in the ‘Writing R Extensions’ manual. Flavor: r-devel-linux-x86_64-debian-gcc

Version: 0.1.1
Check: data for non-ASCII characters
Result: NOTE Note: found 270 marked UTF-8 strings Flavors: r-devel-linux-x86_64-fedora-clang, r-devel-linux-x86_64-fedora-gcc