Last updated on 2023-12-05 15:55:03 CET.
Flavor | Version | Tinstall | Tcheck | Ttotal | Status | Flags |
---|---|---|---|---|---|---|
r-devel-linux-x86_64-debian-clang | 1.0-1 | 3.07 | 72.09 | 75.16 | OK | |
r-devel-linux-x86_64-debian-gcc | 1.0-1 | 2.37 | 55.18 | 57.55 | OK | |
r-devel-linux-x86_64-fedora-clang | 1.0-1 | 96.04 | NOTE | |||
r-devel-linux-x86_64-fedora-gcc | 1.0-1 | 103.93 | OK | |||
r-devel-windows-x86_64 | 1.0-1 | 3.00 | 80.00 | 83.00 | NOTE | |
r-patched-linux-x86_64 | 1.0-1 | 2.89 | 70.07 | 72.96 | OK | |
r-release-linux-x86_64 | 1.0-1 | 2.25 | 69.81 | 72.06 | OK | |
r-release-macos-arm64 | 1.0-1 | 37.00 | NOTE | |||
r-release-macos-x86_64 | 1.0-1 | 62.00 | NOTE | |||
r-release-windows-x86_64 | 1.0-1 | 5.00 | 88.00 | 93.00 | NOTE | |
r-oldrel-macos-arm64 | 1.0-1 | 32.00 | NOTE | |||
r-oldrel-macos-x86_64 | 1.0-1 | 43.00 | NOTE | |||
r-oldrel-windows-x86_64 | 1.0-1 | 5.00 | 90.00 | 95.00 | NOTE |
Version: 1.0-1
Check: installed package size
Result: NOTE
installed size is 6.2Mb
sub-directories of 1Mb or more:
doc 1.5Mb
extdata 4.2Mb
Flavors: r-devel-linux-x86_64-fedora-clang, r-devel-windows-x86_64, r-release-macos-arm64, r-release-macos-x86_64, r-release-windows-x86_64, r-oldrel-macos-arm64, r-oldrel-macos-x86_64, r-oldrel-windows-x86_64