Last updated on 2024-04-28 14:50:23 CEST.
Flavor | Version | Tinstall | Tcheck | Ttotal | Status | Flags |
---|---|---|---|---|---|---|
r-devel-linux-x86_64-debian-clang | 1.0-1 | 2.71 | 75.22 | 77.93 | OK | |
r-devel-linux-x86_64-debian-gcc | 1.0-1 | 2.33 | 55.64 | 57.97 | OK | |
r-devel-linux-x86_64-fedora-clang | 1.0-1 | 96.81 | NOTE | |||
r-devel-linux-x86_64-fedora-gcc | 1.0-1 | 103.66 | OK | |||
r-devel-windows-x86_64 | 1.0-1 | 4.00 | 79.00 | 83.00 | NOTE | |
r-patched-linux-x86_64 | 1.0-1 | 3.19 | 72.12 | 75.31 | OK | |
r-release-linux-x86_64 | 1.0-1 | 2.83 | 70.77 | 73.60 | OK | |
r-release-macos-arm64 | 1.0-1 | 36.00 | NOTE | |||
r-release-windows-x86_64 | 1.0-1 | 5.00 | 80.00 | 85.00 | NOTE | |
r-oldrel-macos-arm64 | 1.0-1 | 37.00 | NOTE | |||
r-oldrel-macos-x86_64 | 1.0-1 | 62.00 | NOTE | |||
r-oldrel-windows-x86_64 | 1.0-1 | 3.00 | 89.00 | 92.00 | NOTE |
Version: 1.0-1
Check: installed package size
Result: NOTE
installed size is 6.2Mb
sub-directories of 1Mb or more:
doc 1.5Mb
extdata 4.2Mb
Flavors: r-devel-linux-x86_64-fedora-clang, r-devel-windows-x86_64, r-release-macos-arm64, r-release-windows-x86_64, r-oldrel-macos-arm64, r-oldrel-macos-x86_64, r-oldrel-windows-x86_64