CRAN Package Check Results for Package disparityfilter

Last updated on 2023-06-03 08:59:06 CEST.

Flavor Version Tinstall Tcheck Ttotal Status Flags
r-devel-linux-x86_64-debian-clang 2.2.3 2.31 33.28 35.59 NOTE
r-devel-linux-x86_64-debian-gcc 2.2.3 1.70 26.03 27.73 NOTE
r-devel-linux-x86_64-fedora-clang 2.2.3 45.60 NOTE
r-devel-linux-x86_64-fedora-gcc 2.2.3 44.85 NOTE
r-devel-windows-x86_64 2.2.3 3.00 48.00 51.00 NOTE
r-patched-linux-x86_64 2.2.3 NOTE
r-release-linux-x86_64 2.2.3 2.46 32.61 35.07 NOTE
r-release-macos-arm64 2.2.3 20.00 NOTE
r-release-macos-x86_64 2.2.3 25.00 NOTE
r-release-windows-x86_64 2.2.3 4.00 50.00 54.00 NOTE
r-oldrel-macos-arm64 2.2.3 19.00 NOTE
r-oldrel-macos-x86_64 2.2.3 23.00 NOTE
r-oldrel-windows-x86_64 2.2.3 4.00 55.00 59.00 NOTE

Check Details

Version: 2.2.3
Check: LazyData
Result: NOTE
     'LazyData' is specified without a 'data' directory
Flavors: r-devel-linux-x86_64-debian-clang, r-devel-linux-x86_64-debian-gcc, r-devel-linux-x86_64-fedora-clang, r-devel-linux-x86_64-fedora-gcc, r-devel-windows-x86_64, r-patched-linux-x86_64, r-release-linux-x86_64, r-release-macos-arm64, r-release-macos-x86_64, r-release-windows-x86_64, r-oldrel-macos-arm64, r-oldrel-macos-x86_64, r-oldrel-windows-x86_64