Last updated on 2024-05-02 11:51:18 CEST.
Flavor | Version | Tinstall | Tcheck | Ttotal | Status | Flags |
---|---|---|---|---|---|---|
r-devel-linux-x86_64-debian-clang | 2.8.2 | 32.95 | 97.25 | 130.20 | OK | |
r-devel-linux-x86_64-debian-gcc | 2.8.2 | 27.78 | 71.69 | 99.47 | OK | |
r-devel-linux-x86_64-fedora-clang | 2.8.2 | 166.70 | OK | |||
r-devel-linux-x86_64-fedora-gcc | 2.8.2 | 156.53 | OK | |||
r-devel-windows-x86_64 | 2.8.2 | 27.00 | 93.00 | 120.00 | OK | |
r-patched-linux-x86_64 | 2.8.2 | 31.00 | 92.91 | 123.91 | OK | |
r-release-linux-x86_64 | 2.8.2 | 34.80 | 90.14 | 124.94 | OK | |
r-release-macos-arm64 | 2.8.2 | 46.00 | OK | |||
r-release-macos-x86_64 | 2.8.2 | 107.00 | NOTE | |||
r-release-windows-x86_64 | 2.8.2 | 27.00 | 96.00 | 123.00 | OK | |
r-oldrel-macos-arm64 | 2.8.2 | 66.00 | OK | |||
r-oldrel-macos-x86_64 | 2.8.2 | 99.00 | OK | |||
r-oldrel-windows-x86_64 | 2.8.2 | 36.00 | 110.00 | 146.00 | OK |
Version: 2.8.2
Check: package dependencies
Result: NOTE
Packages suggested but not available for checking: 'distrMod', 'distrTEst'
Flavor: r-release-macos-x86_64