Last updated on 2024-05-02 08:57:38 CEST.
Flavor | Version | Tinstall | Tcheck | Ttotal | Status | Flags |
---|---|---|---|---|---|---|
r-devel-linux-x86_64-debian-clang | 0.2.1 | 11.95 | 205.67 | 217.62 | NOTE | |
r-devel-linux-x86_64-debian-gcc | 0.2.1 | 10.37 | 153.86 | 164.23 | NOTE | |
r-devel-linux-x86_64-fedora-clang | 0.2.1 | 271.66 | NOTE | |||
r-devel-linux-x86_64-fedora-gcc | 0.2.1 | 271.75 | NOTE | |||
r-devel-windows-x86_64 | 0.2.1 | 13.00 | 200.00 | 213.00 | NOTE | |
r-patched-linux-x86_64 | 0.2.1 | 19.67 | 194.61 | 214.28 | NOTE | |
r-release-linux-x86_64 | 0.2.1 | 10.27 | 196.13 | 206.40 | NOTE | |
r-release-macos-arm64 | 0.2.1 | 80.00 | NOTE | |||
r-release-windows-x86_64 | 0.2.1 | 15.00 | 196.00 | 211.00 | NOTE | |
r-oldrel-macos-arm64 | 0.2.1 | 86.00 | OK | |||
r-oldrel-macos-x86_64 | 0.2.1 | 127.00 | OK | |||
r-oldrel-windows-x86_64 | 0.2.1 | 19.00 | 243.00 | 262.00 | OK |
Version: 0.2.1
Check: Rd files
Result: NOTE
checkRd: (-1) Exponential.Rd:31: Lost braces
31 | \strong{Support}: {x in [0, \eqn{\infty})}
| ^
Flavors: r-devel-linux-x86_64-debian-clang, r-devel-linux-x86_64-debian-gcc, r-devel-linux-x86_64-fedora-clang, r-devel-linux-x86_64-fedora-gcc, r-devel-windows-x86_64, r-patched-linux-x86_64, r-release-linux-x86_64, r-release-macos-arm64, r-release-windows-x86_64