Last updated on 2023-06-07 21:01:17 CEST.
Flavor | Version | Tinstall | Tcheck | Ttotal | Status | Flags |
---|---|---|---|---|---|---|
r-devel-linux-x86_64-debian-clang | 1.0.3.1 | 12.49 | 30.74 | 43.23 | OK | |
r-devel-linux-x86_64-debian-gcc | 1.0.3.1 | 10.11 | 24.30 | 34.41 | OK | |
r-devel-linux-x86_64-fedora-clang | 1.0.3.1 | 56.97 | NOTE | |||
r-devel-linux-x86_64-fedora-gcc | 1.0.3.1 | 52.55 | OK | |||
r-devel-windows-x86_64 | 1.0.3.1 | 15.00 | 62.00 | 77.00 | NOTE | |
r-patched-linux-x86_64 | 1.0.3.1 | 10.17 | 30.30 | 40.47 | OK | |
r-release-linux-x86_64 | 1.0.3.1 | 13.18 | 29.77 | 42.95 | OK | |
r-release-macos-arm64 | 1.0.3.1 | 25.00 | NOTE | |||
r-release-macos-x86_64 | 1.0.3.1 | 40.00 | NOTE | |||
r-release-windows-x86_64 | 1.0.3.1 | 17.00 | 70.00 | 87.00 | NOTE | |
r-oldrel-macos-arm64 | 1.0.3.1 | 26.00 | NOTE | |||
r-oldrel-macos-x86_64 | 1.0.3.1 | 34.00 | NOTE | |||
r-oldrel-windows-x86_64 | 1.0.3.1 | 23.00 | 68.00 | 91.00 | NOTE |
Version: 1.0.3.1
Check: installed package size
Result: NOTE
installed size is 16.6Mb
sub-directories of 1Mb or more:
include 16.3Mb
Flavors: r-devel-linux-x86_64-fedora-clang, r-devel-windows-x86_64, r-release-macos-arm64, r-release-macos-x86_64, r-release-windows-x86_64, r-oldrel-macos-arm64, r-oldrel-macos-x86_64, r-oldrel-windows-x86_64