Last updated on 2024-04-19 03:00:17 CEST.
Flavor | Version | Tinstall | Tcheck | Ttotal | Status | Flags |
---|---|---|---|---|---|---|
r-devel-linux-x86_64-debian-clang | 1.0.3.1 | 15.09 | 32.23 | 47.32 | OK | |
r-devel-linux-x86_64-debian-gcc | 1.0.3.1 | 9.29 | 24.52 | 33.81 | OK | |
r-devel-linux-x86_64-fedora-clang | 1.0.3.1 | 57.68 | NOTE | |||
r-devel-linux-x86_64-fedora-gcc | 1.0.3.1 | 53.82 | OK | |||
r-prerel-macos-arm64 | 1.0.3.1 | 25.00 | NOTE | |||
r-prerel-windows-x86_64 | 1.0.3.1 | 18.00 | 59.00 | 77.00 | NOTE | |
r-patched-linux-x86_64 | 1.0.3.1 | 10.45 | 31.27 | 41.72 | OK | |
r-release-linux-x86_64 | 1.0.3.1 | 10.31 | 30.85 | 41.16 | OK | |
r-release-macos-arm64 | 1.0.3.1 | 25.00 | NOTE | |||
r-release-macos-x86_64 | 1.0.3.1 | 40.00 | NOTE | |||
r-release-windows-x86_64 | 1.0.3.1 | 17.00 | 67.00 | 84.00 | NOTE | |
r-oldrel-macos-arm64 | 1.0.3.1 | 26.00 | NOTE | |||
r-oldrel-windows-x86_64 | 1.0.3.1 | 22.00 | 68.00 | 90.00 | NOTE |
Version: 1.0.3.1
Check: installed package size
Result: NOTE
installed size is 16.6Mb
sub-directories of 1Mb or more:
include 16.3Mb
Flavors: r-devel-linux-x86_64-fedora-clang, r-prerel-macos-arm64, r-prerel-windows-x86_64, r-release-macos-arm64, r-release-macos-x86_64, r-release-windows-x86_64, r-oldrel-macos-arm64, r-oldrel-windows-x86_64