Last updated on 2025-02-04 15:49:09 CET.
Flavor | Version | Tinstall | Tcheck | Ttotal | Status | Flags |
---|---|---|---|---|---|---|
r-devel-linux-x86_64-debian-clang | 2.0.1 | 4.88 | 56.17 | 61.05 | NOTE | |
r-devel-linux-x86_64-debian-gcc | 2.0.1 | 3.42 | 42.79 | 46.21 | NOTE | |
r-devel-linux-x86_64-fedora-clang | 2.0.1 | 104.56 | OK | |||
r-devel-linux-x86_64-fedora-gcc | 2.0.1 | 104.80 | OK | |||
r-devel-windows-x86_64 | 2.0.1 | 5.00 | 108.00 | 113.00 | NOTE | |
r-patched-linux-x86_64 | 2.0.1 | 6.25 | 52.94 | 59.19 | OK | |
r-release-linux-x86_64 | 2.0.1 | 4.04 | 53.00 | 57.04 | OK | |
r-release-macos-arm64 | 2.0.1 | 38.00 | OK | |||
r-release-macos-x86_64 | 2.0.1 | 121.00 | OK | |||
r-release-windows-x86_64 | 2.0.1 | 6.00 | 107.00 | 113.00 | OK | |
r-oldrel-macos-arm64 | 2.0.1 | 40.00 | OK | |||
r-oldrel-macos-x86_64 | 2.0.1 | 60.00 | OK | |||
r-oldrel-windows-x86_64 | 2.0.1 | 8.00 | 110.00 | 118.00 | OK |
Version: 2.0.1
Check: Rd cross-references
Result: NOTE
Found the following Rd file(s) with Rd \link{} targets missing package
anchors:
dosresmeta-package.Rd: mvmeta, mvmeta-package, mvmeta.fit, blup
dosresmeta.Rd: mvmeta.fit, mvmeta
dosresmeta.control.Rd: mvmeta.control
dosresmetaObject.Rd: mvmetaObject
mlprof.fun.Rd: mvmeta.control, mvmeta.fit
Please provide package anchors for all Rd \link{} targets not in the
package itself and the base packages.
Flavors: r-devel-linux-x86_64-debian-clang, r-devel-linux-x86_64-debian-gcc, r-devel-windows-x86_64