CRAN Package Check Results for Package drcSeedGerm

Last updated on 2025-04-29 16:52:31 CEST.

Flavor Version Tinstall Tcheck Ttotal Status Flags
r-devel-linux-x86_64-debian-clang 1.0.1 18.89 119.21 138.10 NOTE
r-devel-linux-x86_64-debian-gcc 1.0.1 10.34 80.54 90.88 NOTE
r-devel-linux-x86_64-fedora-clang 1.0.1 205.62 NOTE
r-devel-linux-x86_64-fedora-gcc 1.0.1 190.59 NOTE
r-devel-windows-x86_64 1.0.1 18.00 122.00 140.00 NOTE
r-patched-linux-x86_64 1.0.1 15.63 110.72 126.35 NOTE
r-release-linux-x86_64 1.0.1 15.97 109.61 125.58 NOTE
r-release-macos-arm64 1.0.1 52.00 NOTE
r-release-macos-x86_64 1.0.1 112.00 NOTE
r-release-windows-x86_64 1.0.1 18.00 123.00 141.00 NOTE
r-oldrel-macos-arm64 1.0.1 52.00 NOTE
r-oldrel-macos-x86_64 1.0.1 94.00 NOTE
r-oldrel-windows-x86_64 1.0.1 24.00 159.00 183.00 NOTE

Check Details

Version: 1.0.1
Check: CRAN incoming feasibility
Result: NOTE Maintainer: ‘Andrea Onofri <andrea.onofri@unipg.it>’ No Authors@R field in DESCRIPTION. Please add one, modifying Authors@R: person(given = "Andrea", family = "Onofri", role = c("aut", "cre"), email = "andrea.onofri@unipg.it") as necessary. Flavors: r-devel-linux-x86_64-debian-clang, r-devel-linux-x86_64-debian-gcc

Version: 1.0.1
Check: Rd files
Result: NOTE checkRd: (-1) excalibur.Rd:18: Lost braces; missing escapes or markup? 18 | \item{\code{GR}}{a numeric vector: germination rates in d^{-1}} | ^ checkRd: (-1) festuca.Rd:16: Lost braces; missing escapes or markup? 16 | \item{\code{GR}}{a numeric vector: germination rates in d^{-1}} | ^ Flavors: r-devel-linux-x86_64-debian-clang, r-devel-linux-x86_64-debian-gcc, r-devel-linux-x86_64-fedora-clang, r-devel-linux-x86_64-fedora-gcc, r-devel-windows-x86_64, r-patched-linux-x86_64, r-release-linux-x86_64, r-release-macos-arm64, r-release-macos-x86_64, r-release-windows-x86_64, r-oldrel-macos-arm64, r-oldrel-macos-x86_64, r-oldrel-windows-x86_64