Last updated on 2025-02-04 16:49:10 CET.
Flavor | Version | Tinstall | Tcheck | Ttotal | Status | Flags |
---|---|---|---|---|---|---|
r-devel-linux-x86_64-debian-clang | 1.0.0 | 35.71 | 292.92 | 328.63 | NOTE | |
r-devel-linux-x86_64-debian-gcc | 1.0.0 | 21.86 | 197.18 | 219.04 | NOTE | |
r-devel-linux-x86_64-fedora-clang | 1.0.0 | 562.90 | NOTE | |||
r-devel-linux-x86_64-fedora-gcc | 1.0.0 | 493.71 | NOTE | |||
r-devel-windows-x86_64 | 1.0.0 | 31.00 | 223.00 | 254.00 | NOTE | |
r-patched-linux-x86_64 | 1.0.0 | 29.13 | 267.99 | 297.12 | OK | |
r-release-linux-x86_64 | 1.0.0 | 29.37 | 271.51 | 300.88 | OK | |
r-release-macos-arm64 | 1.0.0 | 121.00 | OK | |||
r-release-macos-x86_64 | 1.0.0 | 445.00 | OK | |||
r-release-windows-x86_64 | 1.0.0 | 32.00 | 218.00 | 250.00 | OK | |
r-oldrel-macos-arm64 | 1.0.0 | 122.00 | OK | |||
r-oldrel-macos-x86_64 | 1.0.0 | 403.00 | OK | |||
r-oldrel-windows-x86_64 | 1.0.0 | 39.00 | 308.00 | 347.00 | OK |
Version: 1.0.0
Check: DESCRIPTION meta-information
Result: NOTE
Missing dependency on R >= 4.1.0 because package code uses the pipe
|> or function shorthand \(...) syntax added in R 4.1.0.
File(s) using such syntax:
‘goodmap.R’ ‘traits.R’
Flavors: r-devel-linux-x86_64-debian-clang, r-devel-linux-x86_64-debian-gcc, r-devel-linux-x86_64-fedora-clang, r-devel-linux-x86_64-fedora-gcc, r-devel-windows-x86_64