Last updated on 2024-07-27 16:49:05 CEST.
Flavor | Version | Tinstall | Tcheck | Ttotal | Status | Flags |
---|---|---|---|---|---|---|
r-devel-linux-x86_64-debian-clang | 0.4.4 | 11.67 | 195.61 | 207.28 | NOTE | |
r-devel-linux-x86_64-debian-gcc | 0.4.4 | NOTE | ||||
r-devel-linux-x86_64-fedora-clang | 0.4.4 | 258.19 | NOTE | |||
r-devel-linux-x86_64-fedora-gcc | 0.4.4 | 257.63 | NOTE | |||
r-devel-windows-x86_64 | 0.4.4 | 12.00 | 189.00 | 201.00 | NOTE | |
r-patched-linux-x86_64 | 0.4.4 | NOTE | ||||
r-release-linux-x86_64 | 0.4.4 | 7.35 | 186.92 | 194.27 | NOTE | |
r-release-macos-arm64 | 0.4.4 | 79.00 | NOTE | |||
r-release-macos-x86_64 | 0.4.4 | 122.00 | NOTE | |||
r-release-windows-x86_64 | 0.4.4 | 11.00 | 189.00 | 200.00 | NOTE | |
r-oldrel-macos-arm64 | 0.4.4 | 86.00 | OK | |||
r-oldrel-macos-x86_64 | 0.4.4 | 185.00 | OK | |||
r-oldrel-windows-x86_64 | 0.4.4 | 15.00 | 228.00 | 243.00 | OK |
Version: 0.4.4
Check: Rd files
Result: NOTE
checkRd: (-1) count_subgroup.Rd:29: Lost braces; missing escapes or markup?
29 | {.subgroup} for the subgroup column name and \{.name\} for the subgroup
| ^
checkRd: (-1) p_count_subgroup.Rd:29: Lost braces; missing escapes or markup?
29 | {.subgroup} for the subgroup column name and \{.name\} for the subgroup
| ^
Flavors: r-devel-linux-x86_64-debian-clang, r-devel-linux-x86_64-debian-gcc, r-devel-linux-x86_64-fedora-clang, r-devel-linux-x86_64-fedora-gcc, r-devel-windows-x86_64, r-patched-linux-x86_64, r-release-linux-x86_64, r-release-macos-arm64, r-release-macos-x86_64, r-release-windows-x86_64
Version: 0.4.4
Check: HTML version of manual
Result: NOTE
Found the following HTML validation problems:
p_mutate.html:56:1 (p_mutate.Rd:17): Warning: trimming empty <dt>
p_rename.html:56:1 (p_rename.Rd:17): Warning: trimming empty <dt>
p_select.html:56:1 (p_select.Rd:17): Warning: trimming empty <dt>
p_transmute.html:56:1 (p_transmute.Rd:17): Warning: trimming empty <dt>
p_ungroup.html:56:1 (p_ungroup.Rd:21): Warning: trimming empty <dt>
Flavors: r-devel-linux-x86_64-debian-clang, r-devel-linux-x86_64-debian-gcc, r-devel-linux-x86_64-fedora-clang, r-devel-linux-x86_64-fedora-gcc, r-devel-windows-x86_64, r-patched-linux-x86_64, r-release-linux-x86_64, r-release-windows-x86_64
Version: 0.4.4
Check: Rd cross-references
Result: NOTE
Undeclared package ‘vctrs’ in Rd xrefs
Flavor: r-devel-linux-x86_64-fedora-clang