Last updated on 2024-05-02 06:11:47 CEST.
Flavor | Version | Tinstall | Tcheck | Ttotal | Status | Flags |
---|---|---|---|---|---|---|
r-devel-linux-x86_64-debian-clang | 0.6.7 | 3.24 | 39.83 | 43.07 | OK | |
r-devel-linux-x86_64-debian-gcc | 0.6.7 | 2.37 | 29.99 | 32.36 | OK | |
r-devel-linux-x86_64-fedora-clang | 0.6.7 | 55.47 | NOTE | |||
r-devel-linux-x86_64-fedora-gcc | 0.6.7 | 64.82 | NOTE | |||
r-devel-windows-x86_64 | 0.6.7 | 4.00 | 53.00 | 57.00 | OK | |
r-patched-linux-x86_64 | 0.6.7 | 1.95 | 38.23 | 40.18 | OK | |
r-release-linux-x86_64 | 0.6.7 | 1.79 | 37.62 | 39.41 | OK | |
r-release-macos-arm64 | 0.6.7 | 27.00 | OK | |||
r-release-windows-x86_64 | 0.6.7 | 3.00 | 54.00 | 57.00 | OK | |
r-oldrel-macos-arm64 | 0.6.7 | 30.00 | OK | |||
r-oldrel-macos-x86_64 | 0.6.7 | 41.00 | OK | |||
r-oldrel-windows-x86_64 | 0.6.7 | 5.00 | 57.00 | 62.00 | OK |
Version: 0.6.7
Check: dependencies in R code
Result: NOTE
Namespaces in Imports field not imported from:
‘digest’ ‘dplyr’
All declared Imports should be used.
Flavors: r-devel-linux-x86_64-fedora-clang, r-devel-linux-x86_64-fedora-gcc