Last updated on 2023-11-28 23:04:32 CET.
Flavor | Version | Tinstall | Tcheck | Ttotal | Status | Flags |
---|---|---|---|---|---|---|
r-devel-linux-x86_64-debian-clang | 0.2.3 | 43.08 | 78.12 | 121.20 | NOTE | |
r-devel-linux-x86_64-debian-gcc | 0.2.3 | 30.60 | 59.69 | 90.29 | NOTE | |
r-devel-linux-x86_64-fedora-clang | 0.2.3 | 179.36 | NOTE | |||
r-devel-linux-x86_64-fedora-gcc | 0.2.3 | 184.43 | NOTE | |||
r-devel-windows-x86_64 | 0.2.3 | 36.00 | 110.00 | 146.00 | NOTE | |
r-patched-linux-x86_64 | 0.2.3 | 42.58 | 78.00 | 120.58 | NOTE | |
r-release-linux-x86_64 | 0.2.3 | 39.07 | 78.00 | 117.07 | NOTE | |
r-release-macos-arm64 | 0.2.3 | 70.00 | NOTE | |||
r-release-macos-x86_64 | 0.2.3 | 98.00 | NOTE | |||
r-release-windows-x86_64 | 0.2.3 | 49.00 | 130.00 | 179.00 | NOTE | |
r-oldrel-macos-arm64 | 0.2.3 | 61.00 | OK | |||
r-oldrel-macos-x86_64 | 0.2.3 | 66.00 | OK | |||
r-oldrel-windows-x86_64 | 0.2.3 | 48.00 | 126.00 | 174.00 | OK |
Version: 0.2.3
Check: C++ specification
Result: NOTE
Specified C++11: please drop specification unless essential
Flavors: r-devel-linux-x86_64-debian-clang, r-devel-linux-x86_64-debian-gcc, r-devel-linux-x86_64-fedora-clang, r-devel-linux-x86_64-fedora-gcc, r-devel-windows-x86_64, r-patched-linux-x86_64, r-release-linux-x86_64, r-release-macos-arm64, r-release-macos-x86_64, r-release-windows-x86_64