Last updated on 2024-05-02 06:11:47 CEST.
Flavor | Version | Tinstall | Tcheck | Ttotal | Status | Flags |
---|---|---|---|---|---|---|
r-devel-linux-x86_64-debian-clang | 0.1.16-105 | 44.37 | 258.21 | 302.58 | OK | |
r-devel-linux-x86_64-debian-gcc | 0.1.16-105 | 30.73 | 195.50 | 226.23 | OK | |
r-devel-linux-x86_64-fedora-clang | 0.1.16-105 | 390.73 | NOTE | |||
r-devel-linux-x86_64-fedora-gcc | 0.1.16-105 | 375.96 | OK | |||
r-devel-windows-x86_64 | 0.1.16-105 | 58.00 | 235.00 | 293.00 | NOTE | |
r-patched-linux-x86_64 | 0.1.16-105 | 48.78 | 247.86 | 296.64 | OK | |
r-release-linux-x86_64 | 0.1.16-105 | 35.32 | 229.94 | 265.26 | OK | |
r-release-macos-arm64 | 0.1.16-105 | 129.00 | NOTE | |||
r-release-windows-x86_64 | 0.1.16-105 | 56.00 | 230.00 | 286.00 | NOTE | |
r-oldrel-macos-arm64 | 0.1.16-105 | 98.00 | NOTE | |||
r-oldrel-macos-x86_64 | 0.1.16-105 | 184.00 | NOTE | |||
r-oldrel-windows-x86_64 | 0.1.16-105 | 70.00 | 264.00 | 334.00 | NOTE |
Version: 0.1.16-105
Check: installed package size
Result: NOTE
installed size is 5.3Mb
sub-directories of 1Mb or more:
data 2.5Mb
doc 1.4Mb
Flavors: r-devel-linux-x86_64-fedora-clang, r-devel-windows-x86_64, r-release-macos-arm64, r-release-windows-x86_64, r-oldrel-macos-arm64, r-oldrel-macos-x86_64, r-oldrel-windows-x86_64