Last updated on 2024-04-27 11:48:45 CEST.
Flavor | Version | Tinstall | Tcheck | Ttotal | Status | Flags |
---|---|---|---|---|---|---|
r-devel-linux-x86_64-debian-clang | 1.0.0 | 3.99 | 90.08 | 94.07 | NOTE | |
r-devel-linux-x86_64-debian-gcc | 1.0.0 | 3.89 | 65.47 | 69.36 | NOTE | |
r-devel-linux-x86_64-fedora-clang | 1.0.0 | 121.06 | NOTE | |||
r-devel-linux-x86_64-fedora-gcc | 1.0.0 | 126.16 | NOTE | |||
r-devel-windows-x86_64 | 1.0.0 | 6.00 | 135.00 | 141.00 | NOTE | |
r-patched-linux-x86_64 | 1.0.0 | 6.71 | 84.31 | 91.02 | NOTE | |
r-release-linux-x86_64 | 1.0.0 | 5.43 | 83.27 | 88.70 | NOTE | |
r-release-macos-arm64 | 1.0.0 | 51.00 | NOTE | |||
r-release-windows-x86_64 | 1.0.0 | 5.00 | 133.00 | 138.00 | NOTE | |
r-oldrel-macos-arm64 | 1.0.0 | 49.00 | NOTE | |||
r-oldrel-macos-x86_64 | 1.0.0 | 108.00 | NOTE | |||
r-oldrel-windows-x86_64 | 1.0.0 | 6.00 | 133.00 | 139.00 | NOTE |
Version: 1.0.0
Check: LazyData
Result: NOTE
'LazyData' is specified without a 'data' directory
Flavors: r-devel-linux-x86_64-debian-clang, r-devel-linux-x86_64-debian-gcc, r-devel-linux-x86_64-fedora-clang, r-devel-linux-x86_64-fedora-gcc, r-devel-windows-x86_64, r-patched-linux-x86_64, r-release-linux-x86_64, r-release-macos-arm64, r-release-windows-x86_64, r-oldrel-macos-arm64, r-oldrel-macos-x86_64, r-oldrel-windows-x86_64