Last updated on 2025-04-30 00:49:42 CEST.
Flavor | Version | Tinstall | Tcheck | Ttotal | Status | Flags |
---|---|---|---|---|---|---|
r-devel-linux-x86_64-debian-clang | 0.3.2 | 17.37 | 192.43 | 209.80 | NOTE | |
r-devel-linux-x86_64-debian-gcc | 0.3.2 | 12.03 | 129.36 | 141.39 | OK | |
r-devel-linux-x86_64-fedora-clang | 0.3.2 | 344.84 | OK | |||
r-devel-linux-x86_64-fedora-gcc | 0.3.2 | 326.45 | OK | |||
r-devel-windows-x86_64 | 0.3.2 | 17.00 | 170.00 | 187.00 | OK | |
r-patched-linux-x86_64 | 0.3.2 | 15.95 | 178.20 | 194.15 | OK | |
r-release-linux-x86_64 | 0.3.2 | 15.61 | 180.18 | 195.79 | OK | |
r-release-macos-arm64 | 0.3.2 | 79.00 | OK | |||
r-release-macos-x86_64 | 0.3.2 | 173.00 | OK | |||
r-release-windows-x86_64 | 0.3.2 | 19.00 | 174.00 | 193.00 | OK | |
r-oldrel-macos-arm64 | 0.3.2 | 78.00 | OK | |||
r-oldrel-macos-x86_64 | 0.3.2 | 139.00 | OK | |||
r-oldrel-windows-x86_64 | 0.3.2 | 23.00 | 234.00 | 257.00 | OK |
Version: 0.3.2
Check: examples
Result: NOTE
Examples with CPU (user + system) or elapsed time > 5s
user system elapsed
plot_condensation 4.353 0.126 5.313
Flavor: r-devel-linux-x86_64-debian-clang