Last updated on 2024-08-31 22:49:37 CEST.
Flavor | Version | Tinstall | Tcheck | Ttotal | Status | Flags |
---|---|---|---|---|---|---|
r-devel-linux-x86_64-debian-clang | 1.1.0 | 9.15 | 132.82 | 141.97 | NOTE | |
r-devel-linux-x86_64-debian-gcc | 1.1.0 | 6.16 | 87.72 | 93.88 | NOTE | |
r-devel-linux-x86_64-fedora-clang | 1.1.0 | 227.74 | NOTE | |||
r-devel-linux-x86_64-fedora-gcc | 1.1.0 | 225.01 | NOTE | |||
r-devel-windows-x86_64 | 1.1.0 | 10.00 | 151.00 | 161.00 | NOTE | |
r-patched-linux-x86_64 | 1.1.0 | 10.00 | 122.65 | 132.65 | NOTE | |
r-release-linux-x86_64 | 1.1.0 | 8.91 | 122.32 | 131.23 | NOTE | |
r-release-macos-arm64 | 1.1.0 | 71.00 | NOTE | |||
r-release-macos-x86_64 | 1.1.0 | 108.00 | NOTE | |||
r-release-windows-x86_64 | 1.1.0 | 11.00 | 154.00 | 165.00 | NOTE | |
r-oldrel-macos-arm64 | 1.1.0 | 73.00 | OK | |||
r-oldrel-macos-x86_64 | 1.1.0 | 183.00 | OK | |||
r-oldrel-windows-x86_64 | 1.1.0 | 13.00 | 183.00 | 196.00 | OK |
Version: 1.1.0
Check: Rd files
Result: NOTE
checkRd: (-1) write_spss.Rd:31: Lost braces in \itemize; meant \describe ?
checkRd: (-1) write_spss.Rd:32-33: Lost braces in \itemize; meant \describe ?
checkRd: (-1) write_spss.Rd:34: Lost braces in \itemize; meant \describe ?
checkRd: (-1) write_spss.Rd:35-40: Lost braces in \itemize; meant \describe ?
checkRd: (-1) write_spss.Rd:45: Lost braces in \itemize; meant \describe ?
checkRd: (-1) write_spss.Rd:46: Lost braces in \itemize; meant \describe ?
Flavors: r-devel-linux-x86_64-debian-clang, r-devel-linux-x86_64-debian-gcc, r-devel-linux-x86_64-fedora-clang, r-devel-linux-x86_64-fedora-gcc, r-devel-windows-x86_64, r-patched-linux-x86_64, r-release-linux-x86_64, r-release-macos-arm64, r-release-macos-x86_64, r-release-windows-x86_64