Last updated on 2024-05-02 05:12:35 CEST.
Flavor | Version | Tinstall | Tcheck | Ttotal | Status | Flags |
---|---|---|---|---|---|---|
r-devel-linux-x86_64-debian-clang | 0.1.7 | 7.15 | 83.44 | 90.59 | OK | |
r-devel-linux-x86_64-debian-gcc | 0.1.7 | 5.37 | 58.12 | 63.49 | OK | |
r-devel-linux-x86_64-fedora-clang | 0.1.7 | 113.73 | NOTE | |||
r-devel-linux-x86_64-fedora-gcc | 0.1.7 | 108.18 | NOTE | |||
r-devel-windows-x86_64 | 0.1.7 | 9.00 | 74.00 | 83.00 | OK | |
r-patched-linux-x86_64 | 0.1.7 | 5.73 | 76.89 | 82.62 | OK | |
r-release-linux-x86_64 | 0.1.7 | 8.05 | 76.42 | 84.47 | OK | |
r-release-macos-arm64 | 0.1.7 | 42.00 | OK | |||
r-release-macos-x86_64 | 0.1.7 | 95.00 | OK | |||
r-release-windows-x86_64 | 0.1.7 | 10.00 | 73.00 | 83.00 | OK | |
r-oldrel-macos-arm64 | 0.1.7 | 10.00 | ERROR | |||
r-oldrel-macos-x86_64 | 0.1.7 | 7.00 | ERROR | |||
r-oldrel-windows-x86_64 | 0.1.7 | 11.00 | 88.00 | 99.00 | OK |
Version: 0.1.7
Check: data for non-ASCII characters
Result: NOTE
Note: found 2 marked UTF-8 strings
Flavors: r-devel-linux-x86_64-fedora-clang, r-devel-linux-x86_64-fedora-gcc
Version: 0.1.7
Check: package dependencies
Result: ERROR
Packages required but not available: 'HDF5Array', 'rhdf5'
See section ‘The DESCRIPTION file’ in the ‘Writing R Extensions’
manual.
Flavors: r-oldrel-macos-arm64, r-oldrel-macos-x86_64