Last updated on 2025-04-30 07:55:06 CEST.
Flavor | Version | Tinstall | Tcheck | Ttotal | Status | Flags |
---|---|---|---|---|---|---|
r-devel-linux-x86_64-debian-clang | 0.1.0 | 1.64 | 39.40 | 41.04 | NOTE | |
r-devel-linux-x86_64-debian-gcc | 0.1.0 | 1.29 | 29.74 | 31.03 | OK | |
r-devel-linux-x86_64-fedora-clang | 0.1.0 | 63.12 | OK | |||
r-devel-linux-x86_64-fedora-gcc | 0.1.0 | 74.44 | OK | |||
r-devel-windows-x86_64 | 0.1.0 | 4.00 | 59.00 | 63.00 | OK | |
r-patched-linux-x86_64 | 0.1.0 | 1.97 | 36.46 | 38.43 | OK | |
r-release-linux-x86_64 | 0.1.0 | 1.84 | 35.98 | 37.82 | OK | |
r-release-macos-arm64 | 0.1.0 | 31.00 | OK | |||
r-release-macos-x86_64 | 0.1.0 | 49.00 | OK | |||
r-release-windows-x86_64 | 0.1.0 | 3.00 | 57.00 | 60.00 | OK | |
r-oldrel-macos-arm64 | 0.1.0 | 29.00 | OK | |||
r-oldrel-macos-x86_64 | 0.1.0 | 42.00 | OK | |||
r-oldrel-windows-x86_64 | 0.1.0 | 4.00 | 65.00 | 69.00 | OK |
Version: 0.1.0
Check: examples
Result: NOTE
Examples with CPU (user + system) or elapsed time > 5s
user system elapsed
estimate_EC50 5.168 0.228 7.623
Flavor: r-devel-linux-x86_64-debian-clang