Last updated on 2023-12-04 03:53:39 CET.
Flavor | Version | Tinstall | Tcheck | Ttotal | Status | Flags |
---|---|---|---|---|---|---|
r-devel-linux-x86_64-debian-clang | 1.2.9 | 14.73 | 93.93 | 108.66 | OK | |
r-devel-linux-x86_64-debian-gcc | 1.2.9 | 13.80 | 67.91 | 81.71 | OK | |
r-devel-linux-x86_64-fedora-clang | 1.2.9 | 132.30 | NOTE | |||
r-devel-linux-x86_64-fedora-gcc | 1.2.9 | 126.44 | NOTE | |||
r-devel-windows-x86_64 | 1.2.9 | 15.00 | 81.00 | 96.00 | OK | |
r-patched-linux-x86_64 | 1.2.9 | 17.15 | 85.50 | 102.65 | OK | |
r-release-linux-x86_64 | 1.2.9 | 15.37 | 88.04 | 103.41 | OK | |
r-release-macos-arm64 | 1.2.9 | 34.00 | OK | |||
r-release-macos-x86_64 | 1.2.9 | 58.00 | OK | |||
r-release-windows-x86_64 | 1.2.9 | 12.00 | 96.00 | 108.00 | OK | |
r-oldrel-macos-arm64 | 1.2.9 | 34.00 | OK | |||
r-oldrel-macos-x86_64 | 1.2.9 | 47.00 | NOTE | |||
r-oldrel-windows-x86_64 | 1.2.9 | 19.00 | 96.00 | 115.00 | OK |
Version: 1.2.9
Check: data for non-ASCII characters
Result: NOTE
Note: found 5 marked UTF-8 strings
Flavors: r-devel-linux-x86_64-fedora-clang, r-devel-linux-x86_64-fedora-gcc, r-oldrel-macos-x86_64