Last updated on 2023-12-04 22:57:38 CET.
Flavor | Version | Tinstall | Tcheck | Ttotal | Status | Flags |
---|---|---|---|---|---|---|
r-devel-linux-x86_64-debian-clang | 2.1.1 | 34.41 | 216.20 | 250.61 | NOTE | |
r-devel-linux-x86_64-debian-gcc | 2.1.1 | 22.85 | 163.37 | 186.22 | NOTE | |
r-devel-linux-x86_64-fedora-clang | 2.1.1 | 292.57 | OK | |||
r-devel-linux-x86_64-fedora-gcc | 2.1.1 | 312.54 | OK | |||
r-devel-windows-x86_64 | 2.1.1 | 35.00 | 207.00 | 242.00 | OK | |
r-patched-linux-x86_64 | 2.1.1 | 25.28 | 193.72 | 219.00 | OK | |
r-release-linux-x86_64 | 2.1.1 | 27.16 | 202.89 | 230.05 | OK | |
r-release-macos-arm64 | 2.1.1 | 124.00 | OK | |||
r-release-macos-x86_64 | 2.1.1 | 192.00 | OK | |||
r-release-windows-x86_64 | 2.1.1 | 43.00 | 247.00 | 290.00 | OK | |
r-oldrel-macos-arm64 | 2.1.1 | 148.00 | OK | |||
r-oldrel-macos-x86_64 | 2.1.1 | 170.00 | OK | |||
r-oldrel-windows-x86_64 | 2.1.1 | 42.00 | 226.00 | 268.00 | OK |
Version: 2.1.1
Check: Rd files
Result: NOTE
checkRd: (-1) transformFitness.Rd:25: Lost braces; missing escapes or markup?
25 | minimization (most others). This function computes a factor from {-1, 1} for
| ^
Flavors: r-devel-linux-x86_64-debian-clang, r-devel-linux-x86_64-debian-gcc