Last updated on 2024-04-27 22:21:26 CEST.
Flavor | Version | Tinstall | Tcheck | Ttotal | Status | Flags |
---|---|---|---|---|---|---|
r-devel-linux-x86_64-debian-clang | 0.1.1 | 44.41 | 57.33 | 101.74 | NOTE | |
r-devel-linux-x86_64-debian-gcc | 0.1.1 | 32.14 | 43.25 | 75.39 | NOTE | |
r-devel-linux-x86_64-fedora-clang | 0.1.1 | 138.42 | NOTE | |||
r-devel-linux-x86_64-fedora-gcc | 0.1.1 | 131.96 | NOTE | |||
r-devel-windows-x86_64 | 0.1.1 | 37.00 | 81.00 | 118.00 | NOTE | |
r-patched-linux-x86_64 | 0.1.1 | 40.56 | 55.96 | 96.52 | NOTE | |
r-release-linux-x86_64 | 0.1.1 | 45.10 | 55.09 | 100.19 | NOTE | |
r-release-macos-arm64 | 0.1.1 | 39.00 | NOTE | |||
r-release-windows-x86_64 | 0.1.1 | 37.00 | 84.00 | 121.00 | NOTE | |
r-oldrel-macos-arm64 | 0.1.1 | 39.00 | NOTE | |||
r-oldrel-macos-x86_64 | 0.1.1 | 63.00 | NOTE | |||
r-oldrel-windows-x86_64 | 0.1.1 | 45.00 | 98.00 | 143.00 | NOTE |
Version: 0.1.1
Check: C++ specification
Result: NOTE
Specified C++11: please drop specification unless essential
Flavors: r-devel-linux-x86_64-debian-clang, r-devel-linux-x86_64-debian-gcc, r-devel-linux-x86_64-fedora-clang, r-devel-linux-x86_64-fedora-gcc, r-devel-windows-x86_64, r-patched-linux-x86_64, r-release-linux-x86_64, r-release-macos-arm64, r-release-windows-x86_64, r-oldrel-macos-arm64, r-oldrel-macos-x86_64, r-oldrel-windows-x86_64
Version: 0.1.1
Check: LazyData
Result: NOTE
'LazyData' is specified without a 'data' directory
Flavors: r-devel-linux-x86_64-debian-clang, r-devel-linux-x86_64-debian-gcc, r-devel-linux-x86_64-fedora-clang, r-devel-linux-x86_64-fedora-gcc, r-devel-windows-x86_64, r-patched-linux-x86_64, r-release-linux-x86_64, r-release-macos-arm64, r-release-windows-x86_64, r-oldrel-macos-arm64, r-oldrel-macos-x86_64, r-oldrel-windows-x86_64