Last updated on 2024-07-27 16:49:05 CEST.
Flavor | Version | Tinstall | Tcheck | Ttotal | Status | Flags |
---|---|---|---|---|---|---|
r-devel-linux-x86_64-debian-clang | 1.24.2 | 16.34 | 285.00 | 301.34 | OK | |
r-devel-linux-x86_64-debian-gcc | 1.24.2 | NOTE | ||||
r-devel-linux-x86_64-fedora-clang | 1.24.2 | 376.56 | OK | |||
r-devel-linux-x86_64-fedora-gcc | 1.24.2 | 359.24 | OK | |||
r-devel-windows-x86_64 | 1.24.2 | 19.00 | 195.00 | 214.00 | NOTE | |
r-patched-linux-x86_64 | 1.24.2 | OK | ||||
r-release-linux-x86_64 | 1.24.2 | 12.57 | 263.29 | 275.86 | OK | |
r-release-macos-arm64 | 1.24.2 | 105.00 | OK | |||
r-release-macos-x86_64 | 1.24.2 | 344.00 | OK | |||
r-release-windows-x86_64 | 1.24.2 | 16.00 | 203.00 | 219.00 | OK | |
r-oldrel-macos-arm64 | 1.24.2 | 105.00 | OK | |||
r-oldrel-macos-x86_64 | 1.24.2 | 212.00 | OK | |||
r-oldrel-windows-x86_64 | 1.24.2 | 22.00 | 244.00 | 266.00 | OK |
Version: 1.24.2
Check: Rd cross-references
Result: NOTE
Found the following Rd file(s) with Rd \link{} targets missing package
anchors:
as_tibble.egor.Rd: tbl_svy, as_tibble, as_survey
egor.Rd: as_tibble, tibble, tbl_svy
rowlist.Rd: tibble
Please provide package anchors for all Rd \link{} targets not in the
package itself and the base packages.
Flavors: r-devel-linux-x86_64-debian-gcc, r-devel-windows-x86_64