Last updated on 2025-01-13 16:49:14 CET.
Flavor | Version | Tinstall | Tcheck | Ttotal | Status | Flags |
---|---|---|---|---|---|---|
r-devel-linux-x86_64-debian-clang | 1.0.0 | 53.46 | 341.64 | 395.10 | NOTE | |
r-devel-linux-x86_64-fedora-clang | 1.0.0 | 486.07 | NOTE | |||
r-devel-linux-x86_64-fedora-gcc | 1.0.0 | 589.57 | NOTE | |||
r-devel-windows-x86_64 | 1.0.0 | 58.00 | 260.00 | 318.00 | NOTE | |
r-patched-linux-x86_64 | 1.0.0 | 57.95 | 455.55 | 513.50 | NOTE | |
r-release-linux-x86_64 | 1.0.0 | 57.38 | 520.43 | 577.81 | NOTE | |
r-release-macos-arm64 | 1.0.0 | 98.00 | NOTE | |||
r-release-macos-x86_64 | 1.0.0 | 169.00 | NOTE | |||
r-release-windows-x86_64 | 1.0.0 | 60.00 | 289.00 | 349.00 | NOTE | |
r-oldrel-macos-arm64 | 1.0.0 | 132.00 | NOTE | |||
r-oldrel-macos-x86_64 | 1.0.0 | 215.00 | NOTE | |||
r-oldrel-windows-x86_64 | 1.0.0 | 70.00 | 295.00 | 365.00 | NOTE |
Version: 1.0.0
Check: C++ specification
Result: NOTE
Specified C++11: please drop specification unless essential
Flavors: r-devel-linux-x86_64-debian-clang, r-devel-linux-x86_64-fedora-clang, r-devel-linux-x86_64-fedora-gcc, r-devel-windows-x86_64, r-patched-linux-x86_64, r-release-linux-x86_64, r-release-macos-arm64, r-release-macos-x86_64, r-release-windows-x86_64, r-oldrel-macos-arm64, r-oldrel-macos-x86_64, r-oldrel-windows-x86_64
Version: 1.0.0
Check: Rd files
Result: NOTE
checkRd: (-1) em.Rd:25: Lost braces
25 | \code{terms} the code{terms} object used.
| ^
checkRd: (-1) em.clogit.Rd:65: Lost braces
65 | \code{terms} the code{terms} object used.
| ^
checkRd: (-1) em.default.Rd:65: Lost braces
65 | \code{terms} the code{terms} object used.
| ^
checkRd: (-1) em.fitdist.Rd:49: Lost braces
49 | \code{terms} the code{terms} object used.
| ^
checkRd: (-1) em.glmerMod.Rd:50: Lost braces
50 | \code{terms} the code{terms} object used.
| ^
checkRd: (-1) em.panelmodel.Rd:49: Lost braces
49 | \code{terms} the code{terms} object used.
| ^
Flavors: r-devel-linux-x86_64-debian-clang, r-devel-linux-x86_64-fedora-clang, r-devel-linux-x86_64-fedora-gcc, r-devel-windows-x86_64, r-patched-linux-x86_64, r-release-linux-x86_64, r-release-macos-arm64, r-release-macos-x86_64, r-release-windows-x86_64