Last updated on 2023-05-30 20:58:45 CEST.
Flavor | Version | Tinstall | Tcheck | Ttotal | Status | Flags |
---|---|---|---|---|---|---|
r-devel-linux-x86_64-debian-clang | 1.1.0 | 20.01 | 264.03 | 284.04 | OK | |
r-devel-linux-x86_64-debian-gcc | 1.1.0 | 14.43 | 193.72 | 208.15 | OK | |
r-devel-linux-x86_64-fedora-clang | 1.1.1 | 352.31 | NOTE | |||
r-devel-linux-x86_64-fedora-gcc | 1.1.1 | 343.40 | OK | |||
r-devel-windows-x86_64 | 1.1.0 | 17.00 | 242.00 | 259.00 | OK | |
r-patched-linux-x86_64 | 1.1.0 | 23.17 | 250.85 | 274.02 | OK | |
r-release-linux-x86_64 | 1.1.0 | 18.37 | 251.98 | 270.35 | OK | |
r-release-macos-arm64 | 1.1.0 | 103.00 | OK | |||
r-release-macos-x86_64 | 1.1.0 | 216.00 | OK | |||
r-release-windows-x86_64 | 1.1.0 | 21.00 | 285.00 | 306.00 | OK | |
r-oldrel-macos-arm64 | 1.1.0 | 95.00 | OK | |||
r-oldrel-macos-x86_64 | 1.1.0 | 125.00 | OK | |||
r-oldrel-windows-x86_64 | 1.1.0 | 22.00 | 278.00 | 300.00 | OK |
Version: 1.1.1
Check: Rd cross-references
Result: NOTE
Undeclared package ‘textrecipes’ in Rd xrefs
Flavor: r-devel-linux-x86_64-fedora-clang