CRAN Package Check Results for Package entrymodels

Last updated on 2025-04-29 14:53:33 CEST.

Flavor Version Tinstall Tcheck Ttotal Status Flags
r-devel-linux-x86_64-debian-clang 0.2.1 4.17 39.62 43.79 OK
r-devel-linux-x86_64-debian-gcc 0.2.1 3.14 28.18 31.32 OK
r-devel-linux-x86_64-fedora-clang 0.2.1 68.10 OK
r-devel-linux-x86_64-fedora-gcc 0.2.1 62.63 OK
r-devel-windows-x86_64 0.2.1 5.00 54.00 59.00 OK
r-patched-linux-x86_64 0.2.1 4.81 35.14 39.95 OK
r-release-linux-x86_64 0.2.1 4.10 35.58 39.68 OK
r-release-macos-arm64 0.2.1 24.00 OK
r-release-macos-x86_64 0.2.1 40.00 OK
r-release-windows-x86_64 0.2.1 7.00 54.00 61.00 OK
r-oldrel-macos-arm64 0.2.1 24.00 NOTE
r-oldrel-macos-x86_64 0.2.1 33.00 NOTE
r-oldrel-windows-x86_64 0.2.1 7.00 61.00 68.00 NOTE

Check Details

Version: 0.2.1
Check: LazyData
Result: NOTE 'LazyData' is specified without a 'data' directory Flavors: r-oldrel-macos-arm64, r-oldrel-macos-x86_64, r-oldrel-windows-x86_64