Last updated on 2024-07-27 16:49:05 CEST.
Flavor | Version | Tinstall | Tcheck | Ttotal | Status | Flags |
---|---|---|---|---|---|---|
r-devel-linux-x86_64-debian-clang | 0.7.1 | 9.33 | 98.30 | 107.63 | OK | |
r-devel-linux-x86_64-debian-gcc | 0.7.1 | OK | ||||
r-devel-linux-x86_64-fedora-clang | 0.7.1 | 142.86 | OK | |||
r-devel-linux-x86_64-fedora-gcc | 0.7.1 | 149.16 | OK | |||
r-devel-windows-x86_64 | 0.7.1 | 10.00 | 118.00 | 128.00 | OK | |
r-patched-linux-x86_64 | 0.7.1 | OK | ||||
r-release-linux-x86_64 | 0.7.1 | 5.69 | 92.01 | 97.70 | OK | |
r-release-macos-arm64 | 0.7.1 | 49.00 | OK | |||
r-release-macos-x86_64 | 0.7.1 | 70.00 | OK | |||
r-release-windows-x86_64 | 0.7.1 | 9.00 | 117.00 | 126.00 | OK | |
r-oldrel-macos-arm64 | 0.7.1 | 38.00 | NOTE | |||
r-oldrel-macos-x86_64 | 0.7.1 | 38.00 | NOTE | |||
r-oldrel-windows-x86_64 | 0.7.1 | 11.00 | 133.00 | 144.00 | OK |
Version: 0.7.1
Check: package dependencies
Result: NOTE
Packages suggested but not available for checking: 'xcms', 'MSnbase'
Flavors: r-oldrel-macos-arm64, r-oldrel-macos-x86_64