Last updated on 2024-05-02 13:49:55 CEST.
Flavor | Version | Tinstall | Tcheck | Ttotal | Status | Flags |
---|---|---|---|---|---|---|
r-devel-linux-x86_64-debian-clang | 1.0.0 | 6.22 | 144.59 | 150.81 | OK | |
r-devel-linux-x86_64-debian-gcc | 1.0.0 | 6.05 | 111.94 | 117.99 | OK | |
r-devel-linux-x86_64-fedora-clang | 1.0.0 | 187.80 | NOTE | |||
r-devel-linux-x86_64-fedora-gcc | 1.0.0 | 190.23 | NOTE | |||
r-devel-windows-x86_64 | 1.0.0 | 8.00 | 137.00 | 145.00 | OK | |
r-patched-linux-x86_64 | 1.0.0 | 6.75 | 137.90 | 144.65 | OK | |
r-release-linux-x86_64 | 1.0.0 | 4.63 | 137.18 | 141.81 | OK | |
r-release-macos-arm64 | 1.0.0 | 102.00 | OK | |||
r-release-windows-x86_64 | 1.0.0 | 9.00 | 143.00 | 152.00 | OK | |
r-oldrel-macos-arm64 | 1.0.0 | 137.00 | OK | |||
r-oldrel-macos-x86_64 | 1.0.0 | 188.00 | OK | |||
r-oldrel-windows-x86_64 | 1.0.0 | 11.00 | 165.00 | 176.00 | OK |
Version: 1.0.0
Check: data for non-ASCII characters
Result: NOTE
Note: found 1 marked Latin-1 string
Note: found 1508 marked UTF-8 strings
Flavors: r-devel-linux-x86_64-fedora-clang, r-devel-linux-x86_64-fedora-gcc