Last updated on 2024-08-31 22:49:38 CEST.
Flavor | Version | Tinstall | Tcheck | Ttotal | Status | Flags |
---|---|---|---|---|---|---|
r-devel-linux-x86_64-debian-clang | 1.0.2 | 5.81 | 116.15 | 121.96 | OK | |
r-devel-linux-x86_64-debian-gcc | 1.0.2 | 3.99 | 82.25 | 86.24 | OK | |
r-devel-linux-x86_64-fedora-clang | 1.0.2 | 188.40 | NOTE | |||
r-devel-linux-x86_64-fedora-gcc | 1.0.2 | 195.37 | NOTE | |||
r-devel-windows-x86_64 | 1.0.2 | 8.00 | 143.00 | 151.00 | OK | |
r-patched-linux-x86_64 | 1.0.2 | 6.54 | 111.14 | 117.68 | OK | |
r-release-linux-x86_64 | 1.0.2 | 6.06 | 111.05 | 117.11 | OK | |
r-release-macos-arm64 | 1.0.2 | 105.00 | OK | |||
r-release-macos-x86_64 | 1.0.2 | 191.00 | OK | |||
r-release-windows-x86_64 | 1.0.2 | 8.00 | 142.00 | 150.00 | OK | |
r-oldrel-macos-arm64 | 1.0.2 | 147.00 | OK | |||
r-oldrel-macos-x86_64 | 1.0.2 | 192.00 | OK | |||
r-oldrel-windows-x86_64 | 1.0.2 | 10.00 | 168.00 | 178.00 | OK |
Version: 1.0.2
Check: data for non-ASCII characters
Result: NOTE
Note: found 1 marked Latin-1 string
Note: found 1508 marked UTF-8 strings
Flavors: r-devel-linux-x86_64-fedora-clang, r-devel-linux-x86_64-fedora-gcc